{"id":403,"date":"2019-11-19T14:46:52","date_gmt":"2019-11-19T12:46:52","guid":{"rendered":"https:\/\/salo-uskelanseura.fi\/?page_id=403"},"modified":"2026-03-25T18:44:21","modified_gmt":"2026-03-25T16:44:21","slug":"vihtatalkoot","status":"publish","type":"page","link":"https:\/\/salo-uskelanseura.fi\/index.php\/vihtatalkoot\/","title":{"rendered":"Vihtatalkoot"},"content":{"rendered":"\n<p>Yhdistys j\u00e4rjest\u00e4\u00e4 vuosittain hein\u00e4kuussa vihtatalkoot. Vihtojen teon ohessa ohjelmassa on vapaata seurustelua, arvontaa ja tarjoilua sek\u00e4 mahdollisuus tutustua seuran kuva-arkistoon. <\/p>\n\n\n\n<p>Kes\u00e4n 2026 vihtatalkoot pidet\u00e4\u00e4n ke 8.7. <a href=\"https:\/\/salo-uskelanseura.fi\/index.php\/kartta\/\" data-type=\"link\" data-id=\"https:\/\/salo-uskelanseura.fi\/index.php\/kartta\/\">Nakolinnan<\/a> pihalla, os. Meriniitynkatu 35.<\/p>\n\n\n\n<p>Alla kuvia aiemmista vihtatalkoista. <\/p>\n\n\n\n<figure class=\"wp-block-image size-large is-resized\"><img loading=\"lazy\" decoding=\"async\" width=\"640\" height=\"427\" src=\"https:\/\/salo-uskelanseura.fi\/wp-content\/uploads\/2019\/11\/oksia.jpg\" alt=\"\" class=\"wp-image-404\" style=\"width:610px;height:auto\" srcset=\"https:\/\/salo-uskelanseura.fi\/wp-content\/uploads\/2019\/11\/oksia.jpg 640w, https:\/\/salo-uskelanseura.fi\/wp-content\/uploads\/2019\/11\/oksia-300x200.jpg 300w\" sizes=\"auto, (max-width: 640px) 100vw, 640px\" \/><figcaption class=\"wp-element-caption\">Nakolinnan pihalla 11. hein\u00e4kuuta 2013. Raaka-aineita oli tuotu per\u00e4k\u00e4rryss\u00e4. Kuormassa oli koivua ja tammea.<\/figcaption><\/figure>\n\n\n\n<figure class=\"wp-block-image size-large\"><img loading=\"lazy\" decoding=\"async\" width=\"640\" height=\"427\" src=\"https:\/\/salo-uskelanseura.fi\/wp-content\/uploads\/2019\/01\/talkoolaisia.jpg\" alt=\"\" class=\"wp-image-71\" srcset=\"https:\/\/salo-uskelanseura.fi\/wp-content\/uploads\/2019\/01\/talkoolaisia.jpg 640w, https:\/\/salo-uskelanseura.fi\/wp-content\/uploads\/2019\/01\/talkoolaisia-300x200.jpg 300w\" sizes=\"auto, (max-width: 640px) 100vw, 640px\" \/><figcaption class=\"wp-element-caption\">Talkoolaisia ty\u00f6n touhussa<\/figcaption><\/figure>\n\n\n\n<figure class=\"wp-block-image size-large is-resized\"><img loading=\"lazy\" decoding=\"async\" width=\"640\" height=\"427\" src=\"https:\/\/salo-uskelanseura.fi\/wp-content\/uploads\/2019\/11\/vihtoja.jpg\" alt=\"\" class=\"wp-image-405\" style=\"width:610px;height:auto\" srcset=\"https:\/\/salo-uskelanseura.fi\/wp-content\/uploads\/2019\/11\/vihtoja.jpg 640w, https:\/\/salo-uskelanseura.fi\/wp-content\/uploads\/2019\/11\/vihtoja-300x200.jpg 300w\" sizes=\"auto, (max-width: 640px) 100vw, 640px\" \/><figcaption class=\"wp-element-caption\">Valmiita tammivihtoja vihtatalkoissa 4. hein\u00e4kuuta 2012 Lasse Karan luona.<\/figcaption><\/figure>\n\n\n\n<p>Vihdan sidonta on taitoa vaativa laji. T\u00e4ss\u00e4 muutamia kuvia er\u00e4\u00e4st\u00e4 sidonnasta. Kun noin 50\u201360 oksaa on laitettu nippuun, alkaa sitomisvaihe.<\/p>\n\n\n\n<figure class=\"wp-block-image size-large is-resized\"><img loading=\"lazy\" decoding=\"async\" width=\"800\" height=\"600\" src=\"https:\/\/salo-uskelanseura.fi\/wp-content\/uploads\/2019\/01\/vasta1.jpg\" alt=\"\" class=\"wp-image-61\" style=\"width:610px;height:auto\" srcset=\"https:\/\/salo-uskelanseura.fi\/wp-content\/uploads\/2019\/01\/vasta1.jpg 800w, https:\/\/salo-uskelanseura.fi\/wp-content\/uploads\/2019\/01\/vasta1-300x225.jpg 300w, https:\/\/salo-uskelanseura.fi\/wp-content\/uploads\/2019\/01\/vasta1-768x576.jpg 768w\" sizes=\"auto, (max-width: 800px) 100vw, 800px\" \/><figcaption class=\"wp-element-caption\">Ensin pit\u00e4\u00e4 l\u00f6yt\u00e4\u00e4 sopiva oksa ja k\u00e4sitell\u00e4 sit\u00e4, jotta se taipuu.<\/figcaption><\/figure>\n\n\n\n<figure class=\"wp-block-image size-large\"><img loading=\"lazy\" decoding=\"async\" width=\"800\" height=\"600\" src=\"https:\/\/salo-uskelanseura.fi\/wp-content\/uploads\/2019\/01\/vasta3.jpg\" alt=\"\" class=\"wp-image-63\" srcset=\"https:\/\/salo-uskelanseura.fi\/wp-content\/uploads\/2019\/01\/vasta3.jpg 800w, https:\/\/salo-uskelanseura.fi\/wp-content\/uploads\/2019\/01\/vasta3-300x225.jpg 300w, https:\/\/salo-uskelanseura.fi\/wp-content\/uploads\/2019\/01\/vasta3-768x576.jpg 768w\" sizes=\"auto, (max-width: 800px) 100vw, 800px\" \/><figcaption class=\"wp-element-caption\">Vihdan sidonta aloitetaan tekem\u00e4ll\u00e4 ensin yksi side.<\/figcaption><\/figure>\n\n\n\n<figure class=\"wp-block-image size-large\"><img loading=\"lazy\" decoding=\"async\" width=\"800\" height=\"532\" src=\"https:\/\/salo-uskelanseura.fi\/wp-content\/uploads\/2019\/01\/sidonta.jpg\" alt=\"\" class=\"wp-image-64\" srcset=\"https:\/\/salo-uskelanseura.fi\/wp-content\/uploads\/2019\/01\/sidonta.jpg 800w, https:\/\/salo-uskelanseura.fi\/wp-content\/uploads\/2019\/01\/sidonta-300x200.jpg 300w, https:\/\/salo-uskelanseura.fi\/wp-content\/uploads\/2019\/01\/sidonta-768x511.jpg 768w\" sizes=\"auto, (max-width: 800px) 100vw, 800px\" \/><figcaption class=\"wp-element-caption\">V\u00e4lill\u00e4 t\u00e4ytyy k\u00e4ytt\u00e4\u00e4 pihtej\u00e4, jotta saadaan oksa menem\u00e4\u00e4n sopivaan koloon.<\/figcaption><\/figure>\n\n\n\n<figure class=\"wp-block-image size-large\"><img loading=\"lazy\" decoding=\"async\" width=\"800\" height=\"532\" src=\"https:\/\/salo-uskelanseura.fi\/wp-content\/uploads\/2019\/01\/sidonta3.jpg\" alt=\"\" class=\"wp-image-66\" srcset=\"https:\/\/salo-uskelanseura.fi\/wp-content\/uploads\/2019\/01\/sidonta3.jpg 800w, https:\/\/salo-uskelanseura.fi\/wp-content\/uploads\/2019\/01\/sidonta3-300x200.jpg 300w, https:\/\/salo-uskelanseura.fi\/wp-content\/uploads\/2019\/01\/sidonta3-768x511.jpg 768w\" sizes=\"auto, (max-width: 800px) 100vw, 800px\" \/><\/figure>\n\n\n\n<figure class=\"wp-block-image size-large\"><img loading=\"lazy\" decoding=\"async\" width=\"800\" height=\"600\" src=\"https:\/\/salo-uskelanseura.fi\/wp-content\/uploads\/2019\/01\/vasta2.jpg\" alt=\"\" class=\"wp-image-62\" srcset=\"https:\/\/salo-uskelanseura.fi\/wp-content\/uploads\/2019\/01\/vasta2.jpg 800w, https:\/\/salo-uskelanseura.fi\/wp-content\/uploads\/2019\/01\/vasta2-300x225.jpg 300w, https:\/\/salo-uskelanseura.fi\/wp-content\/uploads\/2019\/01\/vasta2-768x576.jpg 768w\" sizes=\"auto, (max-width: 800px) 100vw, 800px\" \/><figcaption class=\"wp-element-caption\">Lopuksi leikataan ylim\u00e4\u00e4r\u00e4iset oksista pois.<\/figcaption><\/figure>\n\n\n\n<figure class=\"wp-block-image size-large\"><img loading=\"lazy\" decoding=\"async\" width=\"800\" height=\"532\" src=\"https:\/\/salo-uskelanseura.fi\/wp-content\/uploads\/2019\/01\/sidonta2.jpg\" alt=\"\" class=\"wp-image-65\" srcset=\"https:\/\/salo-uskelanseura.fi\/wp-content\/uploads\/2019\/01\/sidonta2.jpg 800w, https:\/\/salo-uskelanseura.fi\/wp-content\/uploads\/2019\/01\/sidonta2-300x200.jpg 300w, https:\/\/salo-uskelanseura.fi\/wp-content\/uploads\/2019\/01\/sidonta2-768x511.jpg 768w\" sizes=\"auto, (max-width: 800px) 100vw, 800px\" \/><figcaption class=\"wp-element-caption\">Valmis vihta sis\u00e4lt\u00e4\u00e4 lenkin, josta se voidaan laittaa naulaan riippumaan.<\/figcaption><\/figure>\n","protected":false},"excerpt":{"rendered":"<p>Yhdistys j\u00e4rjest\u00e4\u00e4 vuosittain hein\u00e4kuussa vihtatalkoot. Vihtojen teon ohessa ohjelmassa on vapaata seurustelua, arvontaa ja tarjoilua sek\u00e4 mahdollisuus tutustua seuran kuva-arkistoon. Kes\u00e4n 2026 vihtatalkoot pidet\u00e4\u00e4n ke 8.7. Nakolinnan pihalla, os. Meriniitynkatu 35. Alla kuvia aiemmista vihtatalkoista. Vihdan sidonta on taitoa vaativa laji. T\u00e4ss\u00e4 muutamia kuvia er\u00e4\u00e4st\u00e4 sidonnasta. Kun noin 50\u201360 oksaa on laitettu nippuun, alkaa sitomisvaihe.<\/p>\n","protected":false},"author":1,"featured_media":0,"parent":0,"menu_order":0,"comment_status":"closed","ping_status":"closed","template":"","meta":{"footnotes":""},"class_list":["post-403","page","type-page","status-publish","hentry"],"_links":{"self":[{"href":"https:\/\/salo-uskelanseura.fi\/index.php\/wp-json\/wp\/v2\/pages\/403","targetHints":{"allow":["GET"]}}],"collection":[{"href":"https:\/\/salo-uskelanseura.fi\/index.php\/wp-json\/wp\/v2\/pages"}],"about":[{"href":"https:\/\/salo-uskelanseura.fi\/index.php\/wp-json\/wp\/v2\/types\/page"}],"author":[{"embeddable":true,"href":"https:\/\/salo-uskelanseura.fi\/index.php\/wp-json\/wp\/v2\/users\/1"}],"replies":[{"embeddable":true,"href":"https:\/\/salo-uskelanseura.fi\/index.php\/wp-json\/wp\/v2\/comments?post=403"}],"version-history":[{"count":22,"href":"https:\/\/salo-uskelanseura.fi\/index.php\/wp-json\/wp\/v2\/pages\/403\/revisions"}],"predecessor-version":[{"id":1235,"href":"https:\/\/salo-uskelanseura.fi\/index.php\/wp-json\/wp\/v2\/pages\/403\/revisions\/1235"}],"wp:attachment":[{"href":"https:\/\/salo-uskelanseura.fi\/index.php\/wp-json\/wp\/v2\/media?parent=403"}],"curies":[{"name":"wp","href":"https:\/\/api.w.org\/{rel}","templated":true}]}}

<p>Yhdistys järjestää vuosittain heinäkuussa vihtatalkoot. Vihtojen teon ohessa ohjelmassa on vapaata seurustelua, arvontaa ja tarjoilua sekä mahdollisuus tutustua seuran kuva-arkistoon. </p>



<p>Kesän 2026 vihtatalkoot pidetään ke 8.7. <a href="https://salo-uskelanseura.fi/index.php/kartta/" data-type="link" data-id="https://salo-uskelanseura.fi/index.php/kartta/">Nakolinnan</a> pihalla, os. Meriniitynkatu 35.</p>



<p>Alla kuvia aiemmista vihtatalkoista. </p>



<figure class="wp-block-image size-large is-resized"><img loading="lazy" decoding="async" width="640" height="427" src="https://salo-uskelanseura.fi/wp-content/uploads/2019/11/oksia.jpg" alt="" class="wp-image-404" style="width:610px;height:auto" srcset="https://salo-uskelanseura.fi/wp-content/uploads/2019/11/oksia.jpg 640w, https://salo-uskelanseura.fi/wp-content/uploads/2019/11/oksia-300x200.jpg 300w" sizes="auto, (max-width: 640px) 100vw, 640px" /><figcaption class="wp-element-caption">Nakolinnan pihalla 11. heinäkuuta 2013. Raaka-aineita oli tuotu peräkärryssä. Kuormassa oli koivua ja tammea.</figcaption></figure>



<figure class="wp-block-image size-large"><img loading="lazy" decoding="async" width="640" height="427" src="https://salo-uskelanseura.fi/wp-content/uploads/2019/01/talkoolaisia.jpg" alt="" class="wp-image-71" srcset="https://salo-uskelanseura.fi/wp-content/uploads/2019/01/talkoolaisia.jpg 640w, https://salo-uskelanseura.fi/wp-content/uploads/2019/01/talkoolaisia-300x200.jpg 300w" sizes="auto, (max-width: 640px) 100vw, 640px" /><figcaption class="wp-element-caption">Talkoolaisia työn touhussa</figcaption></figure>



<figure class="wp-block-image size-large is-resized"><img loading="lazy" decoding="async" width="640" height="427" src="https://salo-uskelanseura.fi/wp-content/uploads/2019/11/vihtoja.jpg" alt="" class="wp-image-405" style="width:610px;height:auto" srcset="https://salo-uskelanseura.fi/wp-content/uploads/2019/11/vihtoja.jpg 640w, https://salo-uskelanseura.fi/wp-content/uploads/2019/11/vihtoja-300x200.jpg 300w" sizes="auto, (max-width: 640px) 100vw, 640px" /><figcaption class="wp-element-caption">Valmiita tammivihtoja vihtatalkoissa 4. heinäkuuta 2012 Lasse Karan luona.</figcaption></figure>



<p>Vihdan sidonta on taitoa vaativa laji. Tässä muutamia kuvia eräästä sidonnasta. Kun noin 50–60 oksaa on laitettu nippuun, alkaa sitomisvaihe.</p>



<figure class="wp-block-image size-large is-resized"><img loading="lazy" decoding="async" width="800" height="600" src="https://salo-uskelanseura.fi/wp-content/uploads/2019/01/vasta1.jpg" alt="" class="wp-image-61" style="width:610px;height:auto" srcset="https://salo-uskelanseura.fi/wp-content/uploads/2019/01/vasta1.jpg 800w, https://salo-uskelanseura.fi/wp-content/uploads/2019/01/vasta1-300x225.jpg 300w, https://salo-uskelanseura.fi/wp-content/uploads/2019/01/vasta1-768x576.jpg 768w" sizes="auto, (max-width: 800px) 100vw, 800px" /><figcaption class="wp-element-caption">Ensin pitää löytää sopiva oksa ja käsitellä sitä, jotta se taipuu.</figcaption></figure>



<figure class="wp-block-image size-large"><img loading="lazy" decoding="async" width="800" height="600" src="https://salo-uskelanseura.fi/wp-content/uploads/2019/01/vasta3.jpg" alt="" class="wp-image-63" srcset="https://salo-uskelanseura.fi/wp-content/uploads/2019/01/vasta3.jpg 800w, https://salo-uskelanseura.fi/wp-content/uploads/2019/01/vasta3-300x225.jpg 300w, https://salo-uskelanseura.fi/wp-content/uploads/2019/01/vasta3-768x576.jpg 768w" sizes="auto, (max-width: 800px) 100vw, 800px" /><figcaption class="wp-element-caption">Vihdan sidonta aloitetaan tekemällä ensin yksi side.</figcaption></figure>



<figure class="wp-block-image size-large"><img loading="lazy" decoding="async" width="800" height="532" src="https://salo-uskelanseura.fi/wp-content/uploads/2019/01/sidonta.jpg" alt="" class="wp-image-64" srcset="https://salo-uskelanseura.fi/wp-content/uploads/2019/01/sidonta.jpg 800w, https://salo-uskelanseura.fi/wp-content/uploads/2019/01/sidonta-300x200.jpg 300w, https://salo-uskelanseura.fi/wp-content/uploads/2019/01/sidonta-768x511.jpg 768w" sizes="auto, (max-width: 800px) 100vw, 800px" /><figcaption class="wp-element-caption">Välillä täytyy käyttää pihtejä, jotta saadaan oksa menemään sopivaan koloon.</figcaption></figure>



<figure class="wp-block-image size-large"><img loading="lazy" decoding="async" width="800" height="532" src="https://salo-uskelanseura.fi/wp-content/uploads/2019/01/sidonta3.jpg" alt="" class="wp-image-66" srcset="https://salo-uskelanseura.fi/wp-content/uploads/2019/01/sidonta3.jpg 800w, https://salo-uskelanseura.fi/wp-content/uploads/2019/01/sidonta3-300x200.jpg 300w, https://salo-uskelanseura.fi/wp-content/uploads/2019/01/sidonta3-768x511.jpg 768w" sizes="auto, (max-width: 800px) 100vw, 800px" /></figure>



<figure class="wp-block-image size-large"><img loading="lazy" decoding="async" width="800" height="600" src="https://salo-uskelanseura.fi/wp-content/uploads/2019/01/vasta2.jpg" alt="" class="wp-image-62" srcset="https://salo-uskelanseura.fi/wp-content/uploads/2019/01/vasta2.jpg 800w, https://salo-uskelanseura.fi/wp-content/uploads/2019/01/vasta2-300x225.jpg 300w, https://salo-uskelanseura.fi/wp-content/uploads/2019/01/vasta2-768x576.jpg 768w" sizes="auto, (max-width: 800px) 100vw, 800px" /><figcaption class="wp-element-caption">Lopuksi leikataan ylimääräiset oksista pois.</figcaption></figure>



<figure class="wp-block-image size-large"><img loading="lazy" decoding="async" width="800" height="532" src="https://salo-uskelanseura.fi/wp-content/uploads/2019/01/sidonta2.jpg" alt="" class="wp-image-65" srcset="https://salo-uskelanseura.fi/wp-content/uploads/2019/01/sidonta2.jpg 800w, https://salo-uskelanseura.fi/wp-content/uploads/2019/01/sidonta2-300x200.jpg 300w, https://salo-uskelanseura.fi/wp-content/uploads/2019/01/sidonta2-768x511.jpg 768w" sizes="auto, (max-width: 800px) 100vw, 800px" /><figcaption class="wp-element-caption">Valmis vihta sisältää lenkin, josta se voidaan laittaa naulaan riippumaan.</figcaption></figure>

<p>Yhdistys järjestää vuosittain heinäkuussa vihtatalkoot. Vihtojen teon ohessa ohjelmassa on vapaata seurustelua, arvontaa ja tarjoilua sekä mahdollisuus tutustua seuran kuva-arkistoon. Kesän 2026 vihtatalkoot pidetään ke 8.7. Nakolinnan pihalla, os. Meriniitynkatu 35. Alla kuvia aiemmista vihtatalkoista. Vihdan sidonta on taitoa vaativa laji. Tässä muutamia kuvia eräästä sidonnasta. Kun noin 50–60 oksaa on laitettu nippuun, alkaa sitomisvaihe.</p>
