{"id":387,"date":"2019-11-19T10:18:59","date_gmt":"2019-11-19T08:18:59","guid":{"rendered":"https:\/\/salo-uskelanseura.fi\/?page_id=387"},"modified":"2019-11-19T10:21:36","modified_gmt":"2019-11-19T08:21:36","slug":"pe-5-8","status":"publish","type":"page","link":"https:\/\/salo-uskelanseura.fi\/index.php\/pe-5-8\/","title":{"rendered":"pe 5.8."},"content":{"rendered":"\n<p>Kymmenes kaivausp\u00e4iv\u00e4 perjantai 5.8.<\/p>\n\n\n\n<figure class=\"wp-block-image size-large\"><img loading=\"lazy\" decoding=\"async\" width=\"700\" height=\"465\" src=\"https:\/\/salo-uskelanseura.fi\/wp-content\/uploads\/2019\/11\/05-kuoppa.jpg\" alt=\"\" class=\"wp-image-377\" srcset=\"https:\/\/salo-uskelanseura.fi\/wp-content\/uploads\/2019\/11\/05-kuoppa.jpg 700w, https:\/\/salo-uskelanseura.fi\/wp-content\/uploads\/2019\/11\/05-kuoppa-300x199.jpg 300w\" sizes=\"auto, (max-width: 700px) 100vw, 700px\" \/><figcaption>Viimeinen kaivausp\u00e4iv\u00e4. Ala-alueella yritet\u00e4\u00e4n seurata kurvailevaa kulttuurikerrostumaa syv\u00e4lle, mik\u00e4 tuottaa my\u00f6s tulosta:<\/figcaption><\/figure>\n\n\n\n<figure class=\"wp-block-image size-large\"><img loading=\"lazy\" decoding=\"async\" width=\"490\" height=\"600\" src=\"https:\/\/salo-uskelanseura.fi\/wp-content\/uploads\/2019\/11\/05-karki.jpg\" alt=\"\" class=\"wp-image-378\" srcset=\"https:\/\/salo-uskelanseura.fi\/wp-content\/uploads\/2019\/11\/05-karki.jpg 490w, https:\/\/salo-uskelanseura.fi\/wp-content\/uploads\/2019\/11\/05-karki-245x300.jpg 245w\" sizes=\"auto, (max-width: 490px) 100vw, 490px\" \/><figcaption>Jouko Pukkilan kaivama piist\u00e4 tehty nuolenk\u00e4rki.<\/figcaption><\/figure>\n\n\n\n<figure class=\"wp-block-image size-large\"><img loading=\"lazy\" decoding=\"async\" width=\"700\" height=\"465\" src=\"https:\/\/salo-uskelanseura.fi\/wp-content\/uploads\/2019\/11\/05-grilli.jpg\" alt=\"\" class=\"wp-image-380\" srcset=\"https:\/\/salo-uskelanseura.fi\/wp-content\/uploads\/2019\/11\/05-grilli.jpg 700w, https:\/\/salo-uskelanseura.fi\/wp-content\/uploads\/2019\/11\/05-grilli-300x199.jpg 300w\" sizes=\"auto, (max-width: 700px) 100vw, 700px\" \/><figcaption>Viimeisen p\u00e4iv\u00e4n kunniaksi grillattiin lounasta: makkaraa, kanaa, kasvispihvej\u00e4 ja patonkeja. Olisikohan saatu p\u00e4iv\u00e4 t\u00e4yteen, jos olisi mainostettu etuk\u00e4teen&#8230; nyt kaivajia oli kahdeksan. Grillimestarina Salo-Uskelan Seuran pj Janne Lehmussaari.<\/figcaption><\/figure>\n\n\n\n<figure class=\"wp-block-image size-large\"><img loading=\"lazy\" decoding=\"async\" width=\"399\" height=\"600\" src=\"https:\/\/salo-uskelanseura.fi\/wp-content\/uploads\/2019\/11\/05-varjo.jpg\" alt=\"\" class=\"wp-image-381\" srcset=\"https:\/\/salo-uskelanseura.fi\/wp-content\/uploads\/2019\/11\/05-varjo.jpg 399w, https:\/\/salo-uskelanseura.fi\/wp-content\/uploads\/2019\/11\/05-varjo-200x300.jpg 200w\" sizes=\"auto, (max-width: 399px) 100vw, 399px\" \/><figcaption>Ylh\u00e4\u00e4ll\u00e4kin kaivettiin viel\u00e4 kakkoskaivannon pohjaa, mutta l\u00f6yt\u00f6j\u00e4 ei juuri tullut. T\u00e4ss\u00e4 p\u00e4\u00e4ty kuvataan filmille\u2013n\u00e4in arkeologit tekev\u00e4t taiteilijoidenkin suosiman pohjoisikkunavalon kentt\u00e4olosuhteissa.<\/figcaption><\/figure>\n\n\n\n<figure class=\"wp-block-image size-large\"><img loading=\"lazy\" decoding=\"async\" width=\"700\" height=\"409\" src=\"https:\/\/salo-uskelanseura.fi\/wp-content\/uploads\/2019\/11\/05-kuva.jpg\" alt=\"\" class=\"wp-image-383\" srcset=\"https:\/\/salo-uskelanseura.fi\/wp-content\/uploads\/2019\/11\/05-kuva.jpg 700w, https:\/\/salo-uskelanseura.fi\/wp-content\/uploads\/2019\/11\/05-kuva-300x175.jpg 300w\" sizes=\"auto, (max-width: 700px) 100vw, 700px\" \/><figcaption>Miia Listenmaa dokumentoi sein\u00e4m\u00e4n my\u00f6s digikameralla.<\/figcaption><\/figure>\n\n\n\n<figure class=\"wp-block-image size-large\"><img loading=\"lazy\" decoding=\"async\" width=\"700\" height=\"465\" src=\"https:\/\/salo-uskelanseura.fi\/wp-content\/uploads\/2019\/11\/05-ketju.jpg\" alt=\"\" class=\"wp-image-384\" srcset=\"https:\/\/salo-uskelanseura.fi\/wp-content\/uploads\/2019\/11\/05-ketju.jpg 700w, https:\/\/salo-uskelanseura.fi\/wp-content\/uploads\/2019\/11\/05-ketju-300x199.jpg 300w\" sizes=\"auto, (max-width: 700px) 100vw, 700px\" \/><figcaption>Ja sitten loput kuopasta t\u00e4ytet\u00e4\u00e4n. Hieno \u00e4mp\u00e4riketjukin saatiin toimimaan.<\/figcaption><\/figure>\n\n\n\n<p>Tunnelmia toimitti Jere Kupari, jemaku@utu.fi<\/p>\n\n\n\n<p>Nyt kun paikat ja henkil\u00f6t ovat k\u00e4yneet tutuiksi, on hyv\u00e4 aloittaa blogi alusta<\/p>\n\n\n\n<p><\/p>\n","protected":false},"excerpt":{"rendered":"<p>Kymmenes kaivausp\u00e4iv\u00e4 perjantai 5.8. Tunnelmia toimitti Jere Kupari, jemaku@utu.fi Nyt kun paikat ja henkil\u00f6t ovat k\u00e4yneet tutuiksi, on hyv\u00e4 aloittaa blogi alusta<\/p>\n","protected":false},"author":1,"featured_media":0,"parent":0,"menu_order":0,"comment_status":"closed","ping_status":"closed","template":"","meta":{"footnotes":""},"class_list":["post-387","page","type-page","status-publish","hentry"],"_links":{"self":[{"href":"https:\/\/salo-uskelanseura.fi\/index.php\/wp-json\/wp\/v2\/pages\/387","targetHints":{"allow":["GET"]}}],"collection":[{"href":"https:\/\/salo-uskelanseura.fi\/index.php\/wp-json\/wp\/v2\/pages"}],"about":[{"href":"https:\/\/salo-uskelanseura.fi\/index.php\/wp-json\/wp\/v2\/types\/page"}],"author":[{"embeddable":true,"href":"https:\/\/salo-uskelanseura.fi\/index.php\/wp-json\/wp\/v2\/users\/1"}],"replies":[{"embeddable":true,"href":"https:\/\/salo-uskelanseura.fi\/index.php\/wp-json\/wp\/v2\/comments?post=387"}],"version-history":[{"count":2,"href":"https:\/\/salo-uskelanseura.fi\/index.php\/wp-json\/wp\/v2\/pages\/387\/revisions"}],"predecessor-version":[{"id":390,"href":"https:\/\/salo-uskelanseura.fi\/index.php\/wp-json\/wp\/v2\/pages\/387\/revisions\/390"}],"wp:attachment":[{"href":"https:\/\/salo-uskelanseura.fi\/index.php\/wp-json\/wp\/v2\/media?parent=387"}],"curies":[{"name":"wp","href":"https:\/\/api.w.org\/{rel}","templated":true}]}}

<p>Kymmenes kaivauspäivä perjantai 5.8.</p>



<figure class="wp-block-image size-large"><img loading="lazy" decoding="async" width="700" height="465" src="https://salo-uskelanseura.fi/wp-content/uploads/2019/11/05-kuoppa.jpg" alt="" class="wp-image-377" srcset="https://salo-uskelanseura.fi/wp-content/uploads/2019/11/05-kuoppa.jpg 700w, https://salo-uskelanseura.fi/wp-content/uploads/2019/11/05-kuoppa-300x199.jpg 300w" sizes="auto, (max-width: 700px) 100vw, 700px" /><figcaption>Viimeinen kaivauspäivä. Ala-alueella yritetään seurata kurvailevaa kulttuurikerrostumaa syvälle, mikä tuottaa myös tulosta:</figcaption></figure>



<figure class="wp-block-image size-large"><img loading="lazy" decoding="async" width="490" height="600" src="https://salo-uskelanseura.fi/wp-content/uploads/2019/11/05-karki.jpg" alt="" class="wp-image-378" srcset="https://salo-uskelanseura.fi/wp-content/uploads/2019/11/05-karki.jpg 490w, https://salo-uskelanseura.fi/wp-content/uploads/2019/11/05-karki-245x300.jpg 245w" sizes="auto, (max-width: 490px) 100vw, 490px" /><figcaption>Jouko Pukkilan kaivama piistä tehty nuolenkärki.</figcaption></figure>



<figure class="wp-block-image size-large"><img loading="lazy" decoding="async" width="700" height="465" src="https://salo-uskelanseura.fi/wp-content/uploads/2019/11/05-grilli.jpg" alt="" class="wp-image-380" srcset="https://salo-uskelanseura.fi/wp-content/uploads/2019/11/05-grilli.jpg 700w, https://salo-uskelanseura.fi/wp-content/uploads/2019/11/05-grilli-300x199.jpg 300w" sizes="auto, (max-width: 700px) 100vw, 700px" /><figcaption>Viimeisen päivän kunniaksi grillattiin lounasta: makkaraa, kanaa, kasvispihvejä ja patonkeja. Olisikohan saatu päivä täyteen, jos olisi mainostettu etukäteen&#8230; nyt kaivajia oli kahdeksan. Grillimestarina Salo-Uskelan Seuran pj Janne Lehmussaari.</figcaption></figure>



<figure class="wp-block-image size-large"><img loading="lazy" decoding="async" width="399" height="600" src="https://salo-uskelanseura.fi/wp-content/uploads/2019/11/05-varjo.jpg" alt="" class="wp-image-381" srcset="https://salo-uskelanseura.fi/wp-content/uploads/2019/11/05-varjo.jpg 399w, https://salo-uskelanseura.fi/wp-content/uploads/2019/11/05-varjo-200x300.jpg 200w" sizes="auto, (max-width: 399px) 100vw, 399px" /><figcaption>Ylhäälläkin kaivettiin vielä kakkoskaivannon pohjaa, mutta löytöjä ei juuri tullut. Tässä pääty kuvataan filmille–näin arkeologit tekevät taiteilijoidenkin suosiman pohjoisikkunavalon kenttäolosuhteissa.</figcaption></figure>



<figure class="wp-block-image size-large"><img loading="lazy" decoding="async" width="700" height="409" src="https://salo-uskelanseura.fi/wp-content/uploads/2019/11/05-kuva.jpg" alt="" class="wp-image-383" srcset="https://salo-uskelanseura.fi/wp-content/uploads/2019/11/05-kuva.jpg 700w, https://salo-uskelanseura.fi/wp-content/uploads/2019/11/05-kuva-300x175.jpg 300w" sizes="auto, (max-width: 700px) 100vw, 700px" /><figcaption>Miia Listenmaa dokumentoi seinämän myös digikameralla.</figcaption></figure>



<figure class="wp-block-image size-large"><img loading="lazy" decoding="async" width="700" height="465" src="https://salo-uskelanseura.fi/wp-content/uploads/2019/11/05-ketju.jpg" alt="" class="wp-image-384" srcset="https://salo-uskelanseura.fi/wp-content/uploads/2019/11/05-ketju.jpg 700w, https://salo-uskelanseura.fi/wp-content/uploads/2019/11/05-ketju-300x199.jpg 300w" sizes="auto, (max-width: 700px) 100vw, 700px" /><figcaption>Ja sitten loput kuopasta täytetään. Hieno ämpäriketjukin saatiin toimimaan.</figcaption></figure>



<p>Tunnelmia toimitti Jere Kupari, jemaku@utu.fi</p>



<p>Nyt kun paikat ja henkilöt ovat käyneet tutuiksi, on hyvä aloittaa blogi alusta</p>



<p></p>

<p>Kymmenes kaivauspäivä perjantai 5.8. Tunnelmia toimitti Jere Kupari, jemaku@utu.fi Nyt kun paikat ja henkilöt ovat käyneet tutuiksi, on hyvä aloittaa blogi alusta</p>
