{"id":364,"date":"2019-11-19T09:58:15","date_gmt":"2019-11-19T07:58:15","guid":{"rendered":"https:\/\/salo-uskelanseura.fi\/?page_id=364"},"modified":"2019-11-19T10:05:23","modified_gmt":"2019-11-19T08:05:23","slug":"to-4-8","status":"publish","type":"page","link":"https:\/\/salo-uskelanseura.fi\/index.php\/to-4-8\/","title":{"rendered":"to 4.8."},"content":{"rendered":"\n<p>Yhdeks\u00e4s kaivausp\u00e4iv\u00e4 torstai 4.8.<\/p>\n\n\n\n<figure class=\"wp-block-image size-large\"><img loading=\"lazy\" decoding=\"async\" width=\"700\" height=\"465\" src=\"https:\/\/salo-uskelanseura.fi\/wp-content\/uploads\/2019\/11\/04-miehet.jpg\" alt=\"\" class=\"wp-image-365\" srcset=\"https:\/\/salo-uskelanseura.fi\/wp-content\/uploads\/2019\/11\/04-miehet.jpg 700w, https:\/\/salo-uskelanseura.fi\/wp-content\/uploads\/2019\/11\/04-miehet-300x199.jpg 300w\" sizes=\"auto, (max-width: 700px) 100vw, 700px\" \/><figcaption>Toiseksi viimeinen p\u00e4iv\u00e4. Aika alkaa loppua. Miehet kaivavat urakalla. Suomusj\u00e4rven, Muurlan ja Kiikalan kaivauksista vastannut Eeva Raike tuli katsomaan miten Sinivuoressa p\u00e4rj\u00e4t\u00e4\u00e4n.<\/figcaption><\/figure>\n\n\n\n<figure class=\"wp-block-image size-large\"><img loading=\"lazy\" decoding=\"async\" width=\"700\" height=\"465\" src=\"https:\/\/salo-uskelanseura.fi\/wp-content\/uploads\/2019\/11\/04-kaavin.jpg\" alt=\"\" class=\"wp-image-366\" srcset=\"https:\/\/salo-uskelanseura.fi\/wp-content\/uploads\/2019\/11\/04-kaavin.jpg 700w, https:\/\/salo-uskelanseura.fi\/wp-content\/uploads\/2019\/11\/04-kaavin-300x199.jpg 300w\" sizes=\"auto, (max-width: 700px) 100vw, 700px\" \/><figcaption>Nuoremman asuinpaikan l\u00f6yt\u00f6\u2013t\u00e4ll\u00e4 kertaa oikea kvartsikaavin, eik\u00e4 pelkki\u00e4 iskoksia.<\/figcaption><\/figure>\n\n\n\n<figure class=\"wp-block-image size-large\"><img loading=\"lazy\" decoding=\"async\" width=\"546\" height=\"600\" src=\"https:\/\/salo-uskelanseura.fi\/wp-content\/uploads\/2019\/11\/04-riku.jpg\" alt=\"\" class=\"wp-image-369\" srcset=\"https:\/\/salo-uskelanseura.fi\/wp-content\/uploads\/2019\/11\/04-riku.jpg 546w, https:\/\/salo-uskelanseura.fi\/wp-content\/uploads\/2019\/11\/04-riku-273x300.jpg 273w\" sizes=\"auto, (max-width: 546px) 100vw, 546px\" \/><figcaption>Rikun habituksessa n\u00e4kyy 8\u00bd p\u00e4iv\u00e4n kaivaminen.<\/figcaption><\/figure>\n\n\n\n<figure class=\"wp-block-image size-large\"><img loading=\"lazy\" decoding=\"async\" width=\"700\" height=\"465\" src=\"https:\/\/salo-uskelanseura.fi\/wp-content\/uploads\/2019\/11\/04-suihkutus.jpg\" alt=\"\" class=\"wp-image-370\" srcset=\"https:\/\/salo-uskelanseura.fi\/wp-content\/uploads\/2019\/11\/04-suihkutus.jpg 700w, https:\/\/salo-uskelanseura.fi\/wp-content\/uploads\/2019\/11\/04-suihkutus-300x199.jpg 300w\" sizes=\"auto, (max-width: 700px) 100vw, 700px\" \/><figcaption>Tien vieress\u00e4 kerrostumat on ehk\u00e4 sotkettu moneen kertaan ja maata on kasattu joka suuntaan. Arkeologi Jouko Pukkila kastelee kerrokset saadakseen niist\u00e4 selv\u00e4\u00e4.<\/figcaption><\/figure>\n\n\n\n<figure class=\"wp-block-image size-large\"><img loading=\"lazy\" decoding=\"async\" width=\"700\" height=\"465\" src=\"https:\/\/salo-uskelanseura.fi\/wp-content\/uploads\/2019\/11\/04-sinivuorentorppa.jpg\" alt=\"\" class=\"wp-image-372\" srcset=\"https:\/\/salo-uskelanseura.fi\/wp-content\/uploads\/2019\/11\/04-sinivuorentorppa.jpg 700w, https:\/\/salo-uskelanseura.fi\/wp-content\/uploads\/2019\/11\/04-sinivuorentorppa-300x199.jpg 300w\" sizes=\"auto, (max-width: 700px) 100vw, 700px\" \/><figcaption>T\u00e4ss\u00e4 muuten on Sinivuoren torppa, jota luonto alkaa vallata takaisin.<\/figcaption><\/figure>\n\n\n\n<figure class=\"wp-block-image size-large\"><img loading=\"lazy\" decoding=\"async\" width=\"613\" height=\"600\" src=\"https:\/\/salo-uskelanseura.fi\/wp-content\/uploads\/2019\/11\/04-mysteeri.jpg\" alt=\"\" class=\"wp-image-373\" srcset=\"https:\/\/salo-uskelanseura.fi\/wp-content\/uploads\/2019\/11\/04-mysteeri.jpg 613w, https:\/\/salo-uskelanseura.fi\/wp-content\/uploads\/2019\/11\/04-mysteeri-300x294.jpg 300w\" sizes=\"auto, (max-width: 613px) 100vw, 613px\" \/><figcaption>M\u00e4en p\u00e4\u00e4ll\u00e4 l\u00f6ydettiin jonkinlainen kivikautinen taikajuttu. Tai sitten blogistia h\u00f6yn\u00e4ytettiin.<\/figcaption><\/figure>\n\n\n\n<figure class=\"wp-block-image size-large\"><img loading=\"lazy\" decoding=\"async\" width=\"700\" height=\"558\" src=\"https:\/\/salo-uskelanseura.fi\/wp-content\/uploads\/2019\/11\/04-annin.jpg\" alt=\"\" class=\"wp-image-374\" srcset=\"https:\/\/salo-uskelanseura.fi\/wp-content\/uploads\/2019\/11\/04-annin.jpg 700w, https:\/\/salo-uskelanseura.fi\/wp-content\/uploads\/2019\/11\/04-annin-300x239.jpg 300w\" sizes=\"auto, (max-width: 700px) 100vw, 700px\" \/><figcaption>Anni Ala-Rakkola-Kara l\u00f6ysi komeasti koristellun keramiikan palan ylh\u00e4\u00e4lt\u00e4 vanhemmalta alueelta. Etureunan reik\u00e4\/kolo saatiin edes jotenkin kuvassa n\u00e4kyviin.<\/figcaption><\/figure>\n\n\n\n<p>Tunnelmia toimitti Jere Kupari, jemaku@utu.fi<\/p>\n","protected":false},"excerpt":{"rendered":"<p>Yhdeks\u00e4s kaivausp\u00e4iv\u00e4 torstai 4.8. Tunnelmia toimitti Jere Kupari, jemaku@utu.fi<\/p>\n","protected":false},"author":1,"featured_media":0,"parent":0,"menu_order":0,"comment_status":"closed","ping_status":"closed","template":"","meta":{"footnotes":""},"class_list":["post-364","page","type-page","status-publish","hentry"],"_links":{"self":[{"href":"https:\/\/salo-uskelanseura.fi\/index.php\/wp-json\/wp\/v2\/pages\/364","targetHints":{"allow":["GET"]}}],"collection":[{"href":"https:\/\/salo-uskelanseura.fi\/index.php\/wp-json\/wp\/v2\/pages"}],"about":[{"href":"https:\/\/salo-uskelanseura.fi\/index.php\/wp-json\/wp\/v2\/types\/page"}],"author":[{"embeddable":true,"href":"https:\/\/salo-uskelanseura.fi\/index.php\/wp-json\/wp\/v2\/users\/1"}],"replies":[{"embeddable":true,"href":"https:\/\/salo-uskelanseura.fi\/index.php\/wp-json\/wp\/v2\/comments?post=364"}],"version-history":[{"count":3,"href":"https:\/\/salo-uskelanseura.fi\/index.php\/wp-json\/wp\/v2\/pages\/364\/revisions"}],"predecessor-version":[{"id":375,"href":"https:\/\/salo-uskelanseura.fi\/index.php\/wp-json\/wp\/v2\/pages\/364\/revisions\/375"}],"wp:attachment":[{"href":"https:\/\/salo-uskelanseura.fi\/index.php\/wp-json\/wp\/v2\/media?parent=364"}],"curies":[{"name":"wp","href":"https:\/\/api.w.org\/{rel}","templated":true}]}}

<p>Yhdeksäs kaivauspäivä torstai 4.8.</p>



<figure class="wp-block-image size-large"><img loading="lazy" decoding="async" width="700" height="465" src="https://salo-uskelanseura.fi/wp-content/uploads/2019/11/04-miehet.jpg" alt="" class="wp-image-365" srcset="https://salo-uskelanseura.fi/wp-content/uploads/2019/11/04-miehet.jpg 700w, https://salo-uskelanseura.fi/wp-content/uploads/2019/11/04-miehet-300x199.jpg 300w" sizes="auto, (max-width: 700px) 100vw, 700px" /><figcaption>Toiseksi viimeinen päivä. Aika alkaa loppua. Miehet kaivavat urakalla. Suomusjärven, Muurlan ja Kiikalan kaivauksista vastannut Eeva Raike tuli katsomaan miten Sinivuoressa pärjätään.</figcaption></figure>



<figure class="wp-block-image size-large"><img loading="lazy" decoding="async" width="700" height="465" src="https://salo-uskelanseura.fi/wp-content/uploads/2019/11/04-kaavin.jpg" alt="" class="wp-image-366" srcset="https://salo-uskelanseura.fi/wp-content/uploads/2019/11/04-kaavin.jpg 700w, https://salo-uskelanseura.fi/wp-content/uploads/2019/11/04-kaavin-300x199.jpg 300w" sizes="auto, (max-width: 700px) 100vw, 700px" /><figcaption>Nuoremman asuinpaikan löytö–tällä kertaa oikea kvartsikaavin, eikä pelkkiä iskoksia.</figcaption></figure>



<figure class="wp-block-image size-large"><img loading="lazy" decoding="async" width="546" height="600" src="https://salo-uskelanseura.fi/wp-content/uploads/2019/11/04-riku.jpg" alt="" class="wp-image-369" srcset="https://salo-uskelanseura.fi/wp-content/uploads/2019/11/04-riku.jpg 546w, https://salo-uskelanseura.fi/wp-content/uploads/2019/11/04-riku-273x300.jpg 273w" sizes="auto, (max-width: 546px) 100vw, 546px" /><figcaption>Rikun habituksessa näkyy 8½ päivän kaivaminen.</figcaption></figure>



<figure class="wp-block-image size-large"><img loading="lazy" decoding="async" width="700" height="465" src="https://salo-uskelanseura.fi/wp-content/uploads/2019/11/04-suihkutus.jpg" alt="" class="wp-image-370" srcset="https://salo-uskelanseura.fi/wp-content/uploads/2019/11/04-suihkutus.jpg 700w, https://salo-uskelanseura.fi/wp-content/uploads/2019/11/04-suihkutus-300x199.jpg 300w" sizes="auto, (max-width: 700px) 100vw, 700px" /><figcaption>Tien vieressä kerrostumat on ehkä sotkettu moneen kertaan ja maata on kasattu joka suuntaan. Arkeologi Jouko Pukkila kastelee kerrokset saadakseen niistä selvää.</figcaption></figure>



<figure class="wp-block-image size-large"><img loading="lazy" decoding="async" width="700" height="465" src="https://salo-uskelanseura.fi/wp-content/uploads/2019/11/04-sinivuorentorppa.jpg" alt="" class="wp-image-372" srcset="https://salo-uskelanseura.fi/wp-content/uploads/2019/11/04-sinivuorentorppa.jpg 700w, https://salo-uskelanseura.fi/wp-content/uploads/2019/11/04-sinivuorentorppa-300x199.jpg 300w" sizes="auto, (max-width: 700px) 100vw, 700px" /><figcaption>Tässä muuten on Sinivuoren torppa, jota luonto alkaa vallata takaisin.</figcaption></figure>



<figure class="wp-block-image size-large"><img loading="lazy" decoding="async" width="613" height="600" src="https://salo-uskelanseura.fi/wp-content/uploads/2019/11/04-mysteeri.jpg" alt="" class="wp-image-373" srcset="https://salo-uskelanseura.fi/wp-content/uploads/2019/11/04-mysteeri.jpg 613w, https://salo-uskelanseura.fi/wp-content/uploads/2019/11/04-mysteeri-300x294.jpg 300w" sizes="auto, (max-width: 613px) 100vw, 613px" /><figcaption>Mäen päällä löydettiin jonkinlainen kivikautinen taikajuttu. Tai sitten blogistia höynäytettiin.</figcaption></figure>



<figure class="wp-block-image size-large"><img loading="lazy" decoding="async" width="700" height="558" src="https://salo-uskelanseura.fi/wp-content/uploads/2019/11/04-annin.jpg" alt="" class="wp-image-374" srcset="https://salo-uskelanseura.fi/wp-content/uploads/2019/11/04-annin.jpg 700w, https://salo-uskelanseura.fi/wp-content/uploads/2019/11/04-annin-300x239.jpg 300w" sizes="auto, (max-width: 700px) 100vw, 700px" /><figcaption>Anni Ala-Rakkola-Kara löysi komeasti koristellun keramiikan palan ylhäältä vanhemmalta alueelta. Etureunan reikä/kolo saatiin edes jotenkin kuvassa näkyviin.</figcaption></figure>



<p>Tunnelmia toimitti Jere Kupari, jemaku@utu.fi</p>

<p>Yhdeksäs kaivauspäivä torstai 4.8. Tunnelmia toimitti Jere Kupari, jemaku@utu.fi</p>
