{"id":349,"date":"2019-11-19T09:28:42","date_gmt":"2019-11-19T07:28:42","guid":{"rendered":"https:\/\/salo-uskelanseura.fi\/?page_id=349"},"modified":"2019-11-19T09:55:07","modified_gmt":"2019-11-19T07:55:07","slug":"ke-3-8","status":"publish","type":"page","link":"https:\/\/salo-uskelanseura.fi\/index.php\/ke-3-8\/","title":{"rendered":"ke 3.8."},"content":{"rendered":"\n<p>Kivikauden yleis\u00f6kaivausten blogi<\/p>\n\n\n\n<p>Kahdeksas kaivausp\u00e4iv\u00e4 keskiviikko 3.8.<\/p>\n\n\n\n<figure class=\"wp-block-image size-large\"><img loading=\"lazy\" decoding=\"async\" width=\"700\" height=\"389\" src=\"https:\/\/salo-uskelanseura.fi\/wp-content\/uploads\/2019\/11\/03-varjossa.jpg\" alt=\"\" class=\"wp-image-350\" srcset=\"https:\/\/salo-uskelanseura.fi\/wp-content\/uploads\/2019\/11\/03-varjossa.jpg 700w, https:\/\/salo-uskelanseura.fi\/wp-content\/uploads\/2019\/11\/03-varjossa-300x167.jpg 300w, https:\/\/salo-uskelanseura.fi\/wp-content\/uploads\/2019\/11\/03-varjossa-672x372.jpg 672w\" sizes=\"auto, (max-width: 700px) 100vw, 700px\" \/><figcaption>Eilen viimeisess\u00e4 kuvassa esiintynyt keramiikan pala on nyt kaivettu varovasti esiin.<\/figcaption><\/figure>\n\n\n\n<figure class=\"wp-block-image size-large\"><img loading=\"lazy\" decoding=\"async\" width=\"671\" height=\"600\" src=\"https:\/\/salo-uskelanseura.fi\/wp-content\/uploads\/2019\/11\/03-kadessa.jpg\" alt=\"\" class=\"wp-image-351\" srcset=\"https:\/\/salo-uskelanseura.fi\/wp-content\/uploads\/2019\/11\/03-kadessa.jpg 671w, https:\/\/salo-uskelanseura.fi\/wp-content\/uploads\/2019\/11\/03-kadessa-300x268.jpg 300w\" sizes=\"auto, (max-width: 671px) 100vw, 671px\" \/><figcaption>Suurin osa l\u00f6yd\u00f6st\u00e4 oli t\u00e4ll\u00e4 kertaa hiekkaa, tutkimusavustaja Miia Listenmaa tarkastelee keramiikan sirua.<\/figcaption><\/figure>\n\n\n\n<figure class=\"wp-block-image size-large\"><img loading=\"lazy\" decoding=\"async\" width=\"700\" height=\"422\" src=\"https:\/\/salo-uskelanseura.fi\/wp-content\/uploads\/2019\/11\/03-koristeet.jpg\" alt=\"\" class=\"wp-image-352\" srcset=\"https:\/\/salo-uskelanseura.fi\/wp-content\/uploads\/2019\/11\/03-koristeet.jpg 700w, https:\/\/salo-uskelanseura.fi\/wp-content\/uploads\/2019\/11\/03-koristeet-300x181.jpg 300w\" sizes=\"auto, (max-width: 700px) 100vw, 700px\" \/><figcaption>Toisen mukin alla ollut kappale olikin komeampi, taas reunapala.<\/figcaption><\/figure>\n\n\n\n<figure class=\"wp-block-image size-large\"><img loading=\"lazy\" decoding=\"async\" width=\"700\" height=\"465\" src=\"https:\/\/salo-uskelanseura.fi\/wp-content\/uploads\/2019\/11\/03-maisemointi.jpg\" alt=\"\" class=\"wp-image-355\" srcset=\"https:\/\/salo-uskelanseura.fi\/wp-content\/uploads\/2019\/11\/03-maisemointi.jpg 700w, https:\/\/salo-uskelanseura.fi\/wp-content\/uploads\/2019\/11\/03-maisemointi-300x199.jpg 300w\" sizes=\"auto, (max-width: 700px) 100vw, 700px\" \/><figcaption>Ensimm\u00e4inen kaivanto peitettyn\u00e4 ja maisemoituna. Toinen kuusista s\u00e4ilyi sammalten mukana, toinen istutettiin muuten vaan.<\/figcaption><\/figure>\n\n\n\n<figure class=\"wp-block-image size-large\"><img loading=\"lazy\" decoding=\"async\" width=\"700\" height=\"465\" src=\"https:\/\/salo-uskelanseura.fi\/wp-content\/uploads\/2019\/11\/03-sammalet.jpg\" alt=\"\" class=\"wp-image-356\" srcset=\"https:\/\/salo-uskelanseura.fi\/wp-content\/uploads\/2019\/11\/03-sammalet.jpg 700w, https:\/\/salo-uskelanseura.fi\/wp-content\/uploads\/2019\/11\/03-sammalet-300x199.jpg 300w\" sizes=\"auto, (max-width: 700px) 100vw, 700px\" \/><figcaption>T\u00e4ss\u00e4 toisen kaivannon sammalet hyv\u00e4ss\u00e4 ojennuksessa odottamassa perjantaita.<\/figcaption><\/figure>\n\n\n\n<figure class=\"wp-block-image size-large\"><img loading=\"lazy\" decoding=\"async\" width=\"399\" height=\"600\" src=\"https:\/\/salo-uskelanseura.fi\/wp-content\/uploads\/2019\/11\/03-taltta.jpg\" alt=\"\" class=\"wp-image-357\" srcset=\"https:\/\/salo-uskelanseura.fi\/wp-content\/uploads\/2019\/11\/03-taltta.jpg 399w, https:\/\/salo-uskelanseura.fi\/wp-content\/uploads\/2019\/11\/03-taltta-200x300.jpg 200w\" sizes=\"auto, (max-width: 399px) 100vw, 399px\" \/><figcaption>Museovirasto valvoo meit\u00e4. Intendentti Teija Tiitinen Turusta tuli katsomaan kaivauksia. Samalla Kimmo Leikkonen toi pelloiltaan l\u00f6ytyneit\u00e4 esineit\u00e4 katsottavaksi, t\u00e4ss\u00e4 upea kivinen taltta.<\/figcaption><\/figure>\n\n\n\n<figure class=\"wp-block-image size-large\"><img loading=\"lazy\" decoding=\"async\" width=\"399\" height=\"600\" src=\"https:\/\/salo-uskelanseura.fi\/wp-content\/uploads\/2019\/11\/03-rivi.jpg\" alt=\"\" class=\"wp-image-358\" srcset=\"https:\/\/salo-uskelanseura.fi\/wp-content\/uploads\/2019\/11\/03-rivi.jpg 399w, https:\/\/salo-uskelanseura.fi\/wp-content\/uploads\/2019\/11\/03-rivi-200x300.jpg 200w\" sizes=\"auto, (max-width: 399px) 100vw, 399px\" \/><figcaption>Kaivausten nuorin kaivaja on 6-vuotias Sampo Maimonen.<\/figcaption><\/figure>\n\n\n\n<figure class=\"wp-block-image size-large\"><img loading=\"lazy\" decoding=\"async\" width=\"409\" height=\"600\" src=\"https:\/\/salo-uskelanseura.fi\/wp-content\/uploads\/2019\/11\/03-alapala.jpg\" alt=\"\" class=\"wp-image-359\" srcset=\"https:\/\/salo-uskelanseura.fi\/wp-content\/uploads\/2019\/11\/03-alapala.jpg 409w, https:\/\/salo-uskelanseura.fi\/wp-content\/uploads\/2019\/11\/03-alapala-205x300.jpg 205w\" sizes=\"auto, (max-width: 409px) 100vw, 409px\" \/><figcaption>Nuoremmalta alueelta l\u00f6ytynyt koristeltu keramiikan pala. Mittakaavana oleva sormus on 17,5-millinen<\/figcaption><\/figure>\n\n\n\n<figure class=\"wp-block-image size-large\"><img loading=\"lazy\" decoding=\"async\" width=\"700\" height=\"351\" src=\"https:\/\/salo-uskelanseura.fi\/wp-content\/uploads\/2019\/11\/03-seulassa.jpg\" alt=\"\" class=\"wp-image-360\" srcset=\"https:\/\/salo-uskelanseura.fi\/wp-content\/uploads\/2019\/11\/03-seulassa.jpg 700w, https:\/\/salo-uskelanseura.fi\/wp-content\/uploads\/2019\/11\/03-seulassa-300x150.jpg 300w\" sizes=\"auto, (max-width: 700px) 100vw, 700px\" \/><figcaption>T\u00e4ss\u00e4 pit\u00e4isi erottaa l\u00f6yd\u00f6t luonnonkivist\u00e4.<\/figcaption><\/figure>\n\n\n\n<figure class=\"wp-block-image size-large\"><img loading=\"lazy\" decoding=\"async\" width=\"700\" height=\"465\" src=\"https:\/\/salo-uskelanseura.fi\/wp-content\/uploads\/2019\/11\/03-paikattu.jpg\" alt=\"\" class=\"wp-image-361\" srcset=\"https:\/\/salo-uskelanseura.fi\/wp-content\/uploads\/2019\/11\/03-paikattu.jpg 700w, https:\/\/salo-uskelanseura.fi\/wp-content\/uploads\/2019\/11\/03-paikattu-300x199.jpg 300w\" sizes=\"auto, (max-width: 700px) 100vw, 700px\" \/><figcaption>V\u00e4lineet pysyv\u00e4t kasassa en\u00e4\u00e4 narun voimin. Ilman nippusiteit\u00e4 seula vuotaisi kuin seula.<\/figcaption><\/figure>\n\n\n\n<p>Tunnelmia toimitti Jere Kupari, jemaku@utu.fi<\/p>\n","protected":false},"excerpt":{"rendered":"<p>Kivikauden yleis\u00f6kaivausten blogi Kahdeksas kaivausp\u00e4iv\u00e4 keskiviikko 3.8. Tunnelmia toimitti Jere Kupari, jemaku@utu.fi<\/p>\n","protected":false},"author":1,"featured_media":0,"parent":0,"menu_order":0,"comment_status":"closed","ping_status":"closed","template":"","meta":{"footnotes":""},"class_list":["post-349","page","type-page","status-publish","hentry"],"_links":{"self":[{"href":"https:\/\/salo-uskelanseura.fi\/index.php\/wp-json\/wp\/v2\/pages\/349","targetHints":{"allow":["GET"]}}],"collection":[{"href":"https:\/\/salo-uskelanseura.fi\/index.php\/wp-json\/wp\/v2\/pages"}],"about":[{"href":"https:\/\/salo-uskelanseura.fi\/index.php\/wp-json\/wp\/v2\/types\/page"}],"author":[{"embeddable":true,"href":"https:\/\/salo-uskelanseura.fi\/index.php\/wp-json\/wp\/v2\/users\/1"}],"replies":[{"embeddable":true,"href":"https:\/\/salo-uskelanseura.fi\/index.php\/wp-json\/wp\/v2\/comments?post=349"}],"version-history":[{"count":2,"href":"https:\/\/salo-uskelanseura.fi\/index.php\/wp-json\/wp\/v2\/pages\/349\/revisions"}],"predecessor-version":[{"id":362,"href":"https:\/\/salo-uskelanseura.fi\/index.php\/wp-json\/wp\/v2\/pages\/349\/revisions\/362"}],"wp:attachment":[{"href":"https:\/\/salo-uskelanseura.fi\/index.php\/wp-json\/wp\/v2\/media?parent=349"}],"curies":[{"name":"wp","href":"https:\/\/api.w.org\/{rel}","templated":true}]}}

<p>Kivikauden yleisökaivausten blogi</p>



<p>Kahdeksas kaivauspäivä keskiviikko 3.8.</p>



<figure class="wp-block-image size-large"><img loading="lazy" decoding="async" width="700" height="389" src="https://salo-uskelanseura.fi/wp-content/uploads/2019/11/03-varjossa.jpg" alt="" class="wp-image-350" srcset="https://salo-uskelanseura.fi/wp-content/uploads/2019/11/03-varjossa.jpg 700w, https://salo-uskelanseura.fi/wp-content/uploads/2019/11/03-varjossa-300x167.jpg 300w, https://salo-uskelanseura.fi/wp-content/uploads/2019/11/03-varjossa-672x372.jpg 672w" sizes="auto, (max-width: 700px) 100vw, 700px" /><figcaption>Eilen viimeisessä kuvassa esiintynyt keramiikan pala on nyt kaivettu varovasti esiin.</figcaption></figure>



<figure class="wp-block-image size-large"><img loading="lazy" decoding="async" width="671" height="600" src="https://salo-uskelanseura.fi/wp-content/uploads/2019/11/03-kadessa.jpg" alt="" class="wp-image-351" srcset="https://salo-uskelanseura.fi/wp-content/uploads/2019/11/03-kadessa.jpg 671w, https://salo-uskelanseura.fi/wp-content/uploads/2019/11/03-kadessa-300x268.jpg 300w" sizes="auto, (max-width: 671px) 100vw, 671px" /><figcaption>Suurin osa löydöstä oli tällä kertaa hiekkaa, tutkimusavustaja Miia Listenmaa tarkastelee keramiikan sirua.</figcaption></figure>



<figure class="wp-block-image size-large"><img loading="lazy" decoding="async" width="700" height="422" src="https://salo-uskelanseura.fi/wp-content/uploads/2019/11/03-koristeet.jpg" alt="" class="wp-image-352" srcset="https://salo-uskelanseura.fi/wp-content/uploads/2019/11/03-koristeet.jpg 700w, https://salo-uskelanseura.fi/wp-content/uploads/2019/11/03-koristeet-300x181.jpg 300w" sizes="auto, (max-width: 700px) 100vw, 700px" /><figcaption>Toisen mukin alla ollut kappale olikin komeampi, taas reunapala.</figcaption></figure>



<figure class="wp-block-image size-large"><img loading="lazy" decoding="async" width="700" height="465" src="https://salo-uskelanseura.fi/wp-content/uploads/2019/11/03-maisemointi.jpg" alt="" class="wp-image-355" srcset="https://salo-uskelanseura.fi/wp-content/uploads/2019/11/03-maisemointi.jpg 700w, https://salo-uskelanseura.fi/wp-content/uploads/2019/11/03-maisemointi-300x199.jpg 300w" sizes="auto, (max-width: 700px) 100vw, 700px" /><figcaption>Ensimmäinen kaivanto peitettynä ja maisemoituna. Toinen kuusista säilyi sammalten mukana, toinen istutettiin muuten vaan.</figcaption></figure>



<figure class="wp-block-image size-large"><img loading="lazy" decoding="async" width="700" height="465" src="https://salo-uskelanseura.fi/wp-content/uploads/2019/11/03-sammalet.jpg" alt="" class="wp-image-356" srcset="https://salo-uskelanseura.fi/wp-content/uploads/2019/11/03-sammalet.jpg 700w, https://salo-uskelanseura.fi/wp-content/uploads/2019/11/03-sammalet-300x199.jpg 300w" sizes="auto, (max-width: 700px) 100vw, 700px" /><figcaption>Tässä toisen kaivannon sammalet hyvässä ojennuksessa odottamassa perjantaita.</figcaption></figure>



<figure class="wp-block-image size-large"><img loading="lazy" decoding="async" width="399" height="600" src="https://salo-uskelanseura.fi/wp-content/uploads/2019/11/03-taltta.jpg" alt="" class="wp-image-357" srcset="https://salo-uskelanseura.fi/wp-content/uploads/2019/11/03-taltta.jpg 399w, https://salo-uskelanseura.fi/wp-content/uploads/2019/11/03-taltta-200x300.jpg 200w" sizes="auto, (max-width: 399px) 100vw, 399px" /><figcaption>Museovirasto valvoo meitä. Intendentti Teija Tiitinen Turusta tuli katsomaan kaivauksia. Samalla Kimmo Leikkonen toi pelloiltaan löytyneitä esineitä katsottavaksi, tässä upea kivinen taltta.</figcaption></figure>



<figure class="wp-block-image size-large"><img loading="lazy" decoding="async" width="399" height="600" src="https://salo-uskelanseura.fi/wp-content/uploads/2019/11/03-rivi.jpg" alt="" class="wp-image-358" srcset="https://salo-uskelanseura.fi/wp-content/uploads/2019/11/03-rivi.jpg 399w, https://salo-uskelanseura.fi/wp-content/uploads/2019/11/03-rivi-200x300.jpg 200w" sizes="auto, (max-width: 399px) 100vw, 399px" /><figcaption>Kaivausten nuorin kaivaja on 6-vuotias Sampo Maimonen.</figcaption></figure>



<figure class="wp-block-image size-large"><img loading="lazy" decoding="async" width="409" height="600" src="https://salo-uskelanseura.fi/wp-content/uploads/2019/11/03-alapala.jpg" alt="" class="wp-image-359" srcset="https://salo-uskelanseura.fi/wp-content/uploads/2019/11/03-alapala.jpg 409w, https://salo-uskelanseura.fi/wp-content/uploads/2019/11/03-alapala-205x300.jpg 205w" sizes="auto, (max-width: 409px) 100vw, 409px" /><figcaption>Nuoremmalta alueelta löytynyt koristeltu keramiikan pala. Mittakaavana oleva sormus on 17,5-millinen</figcaption></figure>



<figure class="wp-block-image size-large"><img loading="lazy" decoding="async" width="700" height="351" src="https://salo-uskelanseura.fi/wp-content/uploads/2019/11/03-seulassa.jpg" alt="" class="wp-image-360" srcset="https://salo-uskelanseura.fi/wp-content/uploads/2019/11/03-seulassa.jpg 700w, https://salo-uskelanseura.fi/wp-content/uploads/2019/11/03-seulassa-300x150.jpg 300w" sizes="auto, (max-width: 700px) 100vw, 700px" /><figcaption>Tässä pitäisi erottaa löydöt luonnonkivistä.</figcaption></figure>



<figure class="wp-block-image size-large"><img loading="lazy" decoding="async" width="700" height="465" src="https://salo-uskelanseura.fi/wp-content/uploads/2019/11/03-paikattu.jpg" alt="" class="wp-image-361" srcset="https://salo-uskelanseura.fi/wp-content/uploads/2019/11/03-paikattu.jpg 700w, https://salo-uskelanseura.fi/wp-content/uploads/2019/11/03-paikattu-300x199.jpg 300w" sizes="auto, (max-width: 700px) 100vw, 700px" /><figcaption>Välineet pysyvät kasassa enää narun voimin. Ilman nippusiteitä seula vuotaisi kuin seula.</figcaption></figure>



<p>Tunnelmia toimitti Jere Kupari, jemaku@utu.fi</p>

<p>Kivikauden yleisökaivausten blogi Kahdeksas kaivauspäivä keskiviikko 3.8. Tunnelmia toimitti Jere Kupari, jemaku@utu.fi</p>
