{"id":317,"date":"2019-11-19T08:54:13","date_gmt":"2019-11-19T06:54:13","guid":{"rendered":"https:\/\/salo-uskelanseura.fi\/?page_id=317"},"modified":"2019-11-19T09:23:32","modified_gmt":"2019-11-19T07:23:32","slug":"31-7","status":"publish","type":"page","link":"https:\/\/salo-uskelanseura.fi\/index.php\/31-7\/","title":{"rendered":"su 31.7"},"content":{"rendered":"\n<p>Kivikauden yleis\u00f6kaivausten blogi<\/p>\n\n\n\n<p>Viides kaivausp\u00e4iv\u00e4 sunnuntai 31.7.<\/p>\n\n\n\n<figure class=\"wp-block-image size-large\"><img loading=\"lazy\" decoding=\"async\" width=\"700\" height=\"465\" src=\"https:\/\/salo-uskelanseura.fi\/wp-content\/uploads\/2019\/11\/31-ase.jpg\" alt=\"\" class=\"wp-image-294\" srcset=\"https:\/\/salo-uskelanseura.fi\/wp-content\/uploads\/2019\/11\/31-ase.jpg 700w, https:\/\/salo-uskelanseura.fi\/wp-content\/uploads\/2019\/11\/31-ase-300x199.jpg 300w\" sizes=\"auto, (max-width: 700px) 100vw, 700px\" \/><figcaption>V\u00e4\u00e4n\u00e4sen perheen nuorten miesten mielest\u00e4 aseet ovat mielenkiintoisimpia l\u00f6yt\u00f6j\u00e4. Kuvassa ihmetelt\u00e4v\u00e4n\u00e4 mahdollinen nuolenk\u00e4rki piikivest\u00e4.<\/figcaption><\/figure>\n\n\n\n<figure class=\"wp-block-image size-large\"><img loading=\"lazy\" decoding=\"async\" width=\"399\" height=\"600\" src=\"https:\/\/salo-uskelanseura.fi\/wp-content\/uploads\/2019\/11\/31-piirto.jpg\" alt=\"\" class=\"wp-image-295\" srcset=\"https:\/\/salo-uskelanseura.fi\/wp-content\/uploads\/2019\/11\/31-piirto.jpg 399w, https:\/\/salo-uskelanseura.fi\/wp-content\/uploads\/2019\/11\/31-piirto-200x300.jpg 200w\" sizes=\"auto, (max-width: 399px) 100vw, 399px\" \/><figcaption>Arkeologi Jouko Pukkila piirt\u00e4\u00e4 millimetripaperille kaivannon. Keskell\u00e4 kaivantoa kivikautista tuhkaa, kaivannon reunalla n\u00e4kyv\u00e4 tumma on puun juuresta per\u00e4isin. Kivikautiset asuinpaikat ovat usein hiekkamaalla, sill\u00e4 siihen on helppo rakentaa ja vesi ei j\u00e4\u00e4 seisomaan.<\/figcaption><\/figure>\n\n\n\n<figure class=\"wp-block-image size-large\"><img loading=\"lazy\" decoding=\"async\" width=\"700\" height=\"465\" src=\"https:\/\/salo-uskelanseura.fi\/wp-content\/uploads\/2019\/11\/31-camilla.jpg\" alt=\"\" class=\"wp-image-296\" srcset=\"https:\/\/salo-uskelanseura.fi\/wp-content\/uploads\/2019\/11\/31-camilla.jpg 700w, https:\/\/salo-uskelanseura.fi\/wp-content\/uploads\/2019\/11\/31-camilla-300x199.jpg 300w\" sizes=\"auto, (max-width: 700px) 100vw, 700px\" \/><figcaption>Camilla Lehmussaari tutkii seulaa is\u00e4ns\u00e4 Janne Lehmussaaren kanssa. Camilla on syksyll\u00e4 aloittamassa viidennell\u00e4 luokalla ja h\u00e4nen mukaansa kaivaminen on kivaa ja kiinnostavaa.<\/figcaption><\/figure>\n\n\n\n<figure class=\"wp-block-image size-large\"><img loading=\"lazy\" decoding=\"async\" width=\"399\" height=\"600\" src=\"https:\/\/salo-uskelanseura.fi\/wp-content\/uploads\/2019\/11\/31-tomu.jpg\" alt=\"\" class=\"wp-image-297\" srcset=\"https:\/\/salo-uskelanseura.fi\/wp-content\/uploads\/2019\/11\/31-tomu.jpg 399w, https:\/\/salo-uskelanseura.fi\/wp-content\/uploads\/2019\/11\/31-tomu-200x300.jpg 200w\" sizes=\"auto, (max-width: 399px) 100vw, 399px\" \/><figcaption>Hienon hiekan seulominen on p\u00f6lyist\u00e4 puuhaa. Kuvassa Hannu Vuoristo, Raija Rinne-Ingberg ja Pirkko Vuoristo.<\/figcaption><\/figure>\n\n\n\n<p>Tunnelmia toimitti Hanna-Mari &amp; Jere Kupari<\/p>\n\n\n\n<p><\/p>\n","protected":false},"excerpt":{"rendered":"<p>Kivikauden yleis\u00f6kaivausten blogi Viides kaivausp\u00e4iv\u00e4 sunnuntai 31.7. Tunnelmia toimitti Hanna-Mari &amp; Jere Kupari<\/p>\n","protected":false},"author":1,"featured_media":0,"parent":0,"menu_order":0,"comment_status":"closed","ping_status":"closed","template":"","meta":{"footnotes":""},"class_list":["post-317","page","type-page","status-publish","hentry"],"_links":{"self":[{"href":"https:\/\/salo-uskelanseura.fi\/index.php\/wp-json\/wp\/v2\/pages\/317","targetHints":{"allow":["GET"]}}],"collection":[{"href":"https:\/\/salo-uskelanseura.fi\/index.php\/wp-json\/wp\/v2\/pages"}],"about":[{"href":"https:\/\/salo-uskelanseura.fi\/index.php\/wp-json\/wp\/v2\/types\/page"}],"author":[{"embeddable":true,"href":"https:\/\/salo-uskelanseura.fi\/index.php\/wp-json\/wp\/v2\/users\/1"}],"replies":[{"embeddable":true,"href":"https:\/\/salo-uskelanseura.fi\/index.php\/wp-json\/wp\/v2\/comments?post=317"}],"version-history":[{"count":3,"href":"https:\/\/salo-uskelanseura.fi\/index.php\/wp-json\/wp\/v2\/pages\/317\/revisions"}],"predecessor-version":[{"id":343,"href":"https:\/\/salo-uskelanseura.fi\/index.php\/wp-json\/wp\/v2\/pages\/317\/revisions\/343"}],"wp:attachment":[{"href":"https:\/\/salo-uskelanseura.fi\/index.php\/wp-json\/wp\/v2\/media?parent=317"}],"curies":[{"name":"wp","href":"https:\/\/api.w.org\/{rel}","templated":true}]}}

<p>Kivikauden yleisökaivausten blogi</p>



<p>Viides kaivauspäivä sunnuntai 31.7.</p>



<figure class="wp-block-image size-large"><img loading="lazy" decoding="async" width="700" height="465" src="https://salo-uskelanseura.fi/wp-content/uploads/2019/11/31-ase.jpg" alt="" class="wp-image-294" srcset="https://salo-uskelanseura.fi/wp-content/uploads/2019/11/31-ase.jpg 700w, https://salo-uskelanseura.fi/wp-content/uploads/2019/11/31-ase-300x199.jpg 300w" sizes="auto, (max-width: 700px) 100vw, 700px" /><figcaption>Väänäsen perheen nuorten miesten mielestä aseet ovat mielenkiintoisimpia löytöjä. Kuvassa ihmeteltävänä mahdollinen nuolenkärki piikivestä.</figcaption></figure>



<figure class="wp-block-image size-large"><img loading="lazy" decoding="async" width="399" height="600" src="https://salo-uskelanseura.fi/wp-content/uploads/2019/11/31-piirto.jpg" alt="" class="wp-image-295" srcset="https://salo-uskelanseura.fi/wp-content/uploads/2019/11/31-piirto.jpg 399w, https://salo-uskelanseura.fi/wp-content/uploads/2019/11/31-piirto-200x300.jpg 200w" sizes="auto, (max-width: 399px) 100vw, 399px" /><figcaption>Arkeologi Jouko Pukkila piirtää millimetripaperille kaivannon. Keskellä kaivantoa kivikautista tuhkaa, kaivannon reunalla näkyvä tumma on puun juuresta peräisin. Kivikautiset asuinpaikat ovat usein hiekkamaalla, sillä siihen on helppo rakentaa ja vesi ei jää seisomaan.</figcaption></figure>



<figure class="wp-block-image size-large"><img loading="lazy" decoding="async" width="700" height="465" src="https://salo-uskelanseura.fi/wp-content/uploads/2019/11/31-camilla.jpg" alt="" class="wp-image-296" srcset="https://salo-uskelanseura.fi/wp-content/uploads/2019/11/31-camilla.jpg 700w, https://salo-uskelanseura.fi/wp-content/uploads/2019/11/31-camilla-300x199.jpg 300w" sizes="auto, (max-width: 700px) 100vw, 700px" /><figcaption>Camilla Lehmussaari tutkii seulaa isänsä Janne Lehmussaaren kanssa. Camilla on syksyllä aloittamassa viidennellä luokalla ja hänen mukaansa kaivaminen on kivaa ja kiinnostavaa.</figcaption></figure>



<figure class="wp-block-image size-large"><img loading="lazy" decoding="async" width="399" height="600" src="https://salo-uskelanseura.fi/wp-content/uploads/2019/11/31-tomu.jpg" alt="" class="wp-image-297" srcset="https://salo-uskelanseura.fi/wp-content/uploads/2019/11/31-tomu.jpg 399w, https://salo-uskelanseura.fi/wp-content/uploads/2019/11/31-tomu-200x300.jpg 200w" sizes="auto, (max-width: 399px) 100vw, 399px" /><figcaption>Hienon hiekan seulominen on pölyistä puuhaa. Kuvassa Hannu Vuoristo, Raija Rinne-Ingberg ja Pirkko Vuoristo.</figcaption></figure>



<p>Tunnelmia toimitti Hanna-Mari &amp; Jere Kupari</p>



<p></p>

<p>Kivikauden yleisökaivausten blogi Viides kaivauspäivä sunnuntai 31.7. Tunnelmia toimitti Hanna-Mari &amp; Jere Kupari</p>
