{"id":312,"date":"2019-11-19T08:44:16","date_gmt":"2019-11-19T06:44:16","guid":{"rendered":"https:\/\/salo-uskelanseura.fi\/?page_id=312"},"modified":"2019-11-19T09:25:00","modified_gmt":"2019-11-19T07:25:00","slug":"30-7","status":"publish","type":"page","link":"https:\/\/salo-uskelanseura.fi\/index.php\/30-7\/","title":{"rendered":"la 30.7"},"content":{"rendered":"\n<p>Kivikauden yleis\u00f6kaivausten blogi<\/p>\n\n\n\n<p>Nelj\u00e4s kaivausp\u00e4iv\u00e4 lauantai 30.7.<\/p>\n\n\n\n<figure class=\"wp-block-image size-large\"><img loading=\"lazy\" decoding=\"async\" width=\"399\" height=\"600\" src=\"https:\/\/salo-uskelanseura.fi\/wp-content\/uploads\/2019\/11\/30-tuumaus.jpg\" alt=\"\" class=\"wp-image-285\" srcset=\"https:\/\/salo-uskelanseura.fi\/wp-content\/uploads\/2019\/11\/30-tuumaus.jpg 399w, https:\/\/salo-uskelanseura.fi\/wp-content\/uploads\/2019\/11\/30-tuumaus-200x300.jpg 200w\" sizes=\"auto, (max-width: 399px) 100vw, 399px\" \/><figcaption>Vierailijat katsomassa aluetta. Yl\u00e4-alueelta on t\u00e4n\u00e4\u00e4n l\u00f6ydetty noin 6000-7000 vuotta vanhaa keramiikkaa. Arkeologi Jouko Pukkila selosti, ett\u00e4 se on vanhinta suomalaista keramiikkaa ja n\u00e4iden kaivausten ensimm\u00e4inen keramiikkal\u00f6yt\u00f6 vanhalta asuinpaikalta. Se ei oikein istu mesoliittiseen aikaan, kuten ei piikivik\u00e4\u00e4n, joka sielt\u00e4 eilen l\u00f6ytyi. <\/figcaption><\/figure>\n\n\n\n<figure class=\"wp-block-image size-large\"><img loading=\"lazy\" decoding=\"async\" width=\"399\" height=\"600\" src=\"https:\/\/salo-uskelanseura.fi\/wp-content\/uploads\/2019\/11\/30-rinne.jpg\" alt=\"\" class=\"wp-image-286\" srcset=\"https:\/\/salo-uskelanseura.fi\/wp-content\/uploads\/2019\/11\/30-rinne.jpg 399w, https:\/\/salo-uskelanseura.fi\/wp-content\/uploads\/2019\/11\/30-rinne-200x300.jpg 200w\" sizes=\"auto, (max-width: 399px) 100vw, 399px\" \/><figcaption>Vapaaehtoinen Heikki Suuronen ty\u00f6n touhussa. Vanhinta asutusaluetta m\u00e4en laella, merenpinnan laskiessa asutus on siirtynyt rannan mukana alemmas rinnett\u00e4.<\/figcaption><\/figure>\n\n\n\n<figure class=\"wp-block-image size-large\"><img loading=\"lazy\" decoding=\"async\" width=\"399\" height=\"600\" src=\"https:\/\/salo-uskelanseura.fi\/wp-content\/uploads\/2019\/11\/30-paivi.jpg\" alt=\"\" class=\"wp-image-287\" srcset=\"https:\/\/salo-uskelanseura.fi\/wp-content\/uploads\/2019\/11\/30-paivi.jpg 399w, https:\/\/salo-uskelanseura.fi\/wp-content\/uploads\/2019\/11\/30-paivi-200x300.jpg 200w\" sizes=\"auto, (max-width: 399px) 100vw, 399px\" \/><figcaption>Toista p\u00e4iv\u00e4\u00e4 kaivauksille osallistunut P\u00e4ivi Leikkonen omalla neli\u00f6ll\u00e4\u00e4n. H\u00e4nt\u00e4 ei haittaisi vaikka ei mit\u00e4\u00e4n l\u00f6ytyisik\u00e4\u00e4n. Ty\u00f6 on h\u00e4nen mielest\u00e4\u00e4n helpompaa kansalaisopiston parin illan kurssin avulla. Kivilajien tunteminen auttaisi ty\u00f6ss\u00e4, sill\u00e4 t\u00e4ll\u00e4 hetkell\u00e4 on vaikeaa erottaa oleellinen ep\u00e4oleellisesta. Eilen h\u00e4n tarttui kaikkiin kiviin ja t\u00e4n\u00e4\u00e4n mik\u00e4\u00e4n ei n\u00e4yt\u00e4 t\u00e4rke\u00e4lt\u00e4, h\u00e4n naurahti.<\/figcaption><\/figure>\n\n\n\n<figure class=\"wp-block-image size-large\"><img loading=\"lazy\" decoding=\"async\" width=\"700\" height=\"465\" src=\"https:\/\/salo-uskelanseura.fi\/wp-content\/uploads\/2019\/11\/30-juuret.jpg\" alt=\"\" class=\"wp-image-288\" srcset=\"https:\/\/salo-uskelanseura.fi\/wp-content\/uploads\/2019\/11\/30-juuret.jpg 700w, https:\/\/salo-uskelanseura.fi\/wp-content\/uploads\/2019\/11\/30-juuret-300x199.jpg 300w\" sizes=\"auto, (max-width: 700px) 100vw, 700px\" \/><figcaption>Nuorempaa asutusaluetta kaivetaan m\u00e4en juurella reippaalla meiningill\u00e4.<\/figcaption><\/figure>\n\n\n\n<figure class=\"wp-block-gallery columns-2 is-cropped wp-block-gallery-1 is-layout-flex wp-block-gallery-is-layout-flex\"><ul class=\"blocks-gallery-grid\"><li class=\"blocks-gallery-item\"><figure><img loading=\"lazy\" decoding=\"async\" width=\"450\" height=\"364\" src=\"https:\/\/salo-uskelanseura.fi\/wp-content\/uploads\/2019\/11\/30-keramiikkapuoli2.jpg\" alt=\"\" data-id=\"290\" data-full-url=\"https:\/\/salo-uskelanseura.fi\/wp-content\/uploads\/2019\/11\/30-keramiikkapuoli2.jpg\" data-link=\"https:\/\/salo-uskelanseura.fi\/index.php\/2019\/11\/19\/30-7__trashed\/30-keramiikkapuoli2\/\" class=\"wp-image-290\" srcset=\"https:\/\/salo-uskelanseura.fi\/wp-content\/uploads\/2019\/11\/30-keramiikkapuoli2.jpg 450w, https:\/\/salo-uskelanseura.fi\/wp-content\/uploads\/2019\/11\/30-keramiikkapuoli2-300x243.jpg 300w\" sizes=\"auto, (max-width: 450px) 100vw, 450px\" \/><figcaption class=\"blocks-gallery-item__caption\">Hieno keramiikkal\u00f6yt\u00f6 nuoremmalta alueelta.<\/figcaption><\/figure><\/li><li class=\"blocks-gallery-item\"><figure><img loading=\"lazy\" decoding=\"async\" width=\"450\" height=\"447\" src=\"https:\/\/salo-uskelanseura.fi\/wp-content\/uploads\/2019\/11\/30-keramiikkapuoli1.jpg\" alt=\"\" data-id=\"289\" data-full-url=\"https:\/\/salo-uskelanseura.fi\/wp-content\/uploads\/2019\/11\/30-keramiikkapuoli1.jpg\" data-link=\"https:\/\/salo-uskelanseura.fi\/index.php\/2019\/11\/19\/30-7__trashed\/30-keramiikkapuoli1\/\" class=\"wp-image-289\" srcset=\"https:\/\/salo-uskelanseura.fi\/wp-content\/uploads\/2019\/11\/30-keramiikkapuoli1.jpg 450w, https:\/\/salo-uskelanseura.fi\/wp-content\/uploads\/2019\/11\/30-keramiikkapuoli1-300x298.jpg 300w, https:\/\/salo-uskelanseura.fi\/wp-content\/uploads\/2019\/11\/30-keramiikkapuoli1-150x150.jpg 150w\" sizes=\"auto, (max-width: 450px) 100vw, 450px\" \/><figcaption class=\"blocks-gallery-item__caption\">Hieno keramiikkal\u00f6yt\u00f6 nuoremmalta alueelta.<\/figcaption><\/figure><\/li><\/ul><\/figure>\n\n\n\n<figure class=\"wp-block-image size-large\"><img loading=\"lazy\" decoding=\"async\" width=\"700\" height=\"465\" src=\"https:\/\/salo-uskelanseura.fi\/wp-content\/uploads\/2019\/11\/30-yleis.jpg\" alt=\"\" class=\"wp-image-291\" srcset=\"https:\/\/salo-uskelanseura.fi\/wp-content\/uploads\/2019\/11\/30-yleis.jpg 700w, https:\/\/salo-uskelanseura.fi\/wp-content\/uploads\/2019\/11\/30-yleis-300x199.jpg 300w\" sizes=\"auto, (max-width: 700px) 100vw, 700px\" \/><figcaption>Huh hellett\u00e4. S\u00e4\u00e4 suosi osallistujia t\u00e4n\u00e4\u00e4nkin.<\/figcaption><\/figure>\n\n\n\n<p>Tunnelmia toimitti Hanna-Mari &amp; Jere Kupari<\/p>\n","protected":false},"excerpt":{"rendered":"<p>Kivikauden yleis\u00f6kaivausten blogi Nelj\u00e4s kaivausp\u00e4iv\u00e4 lauantai 30.7. Tunnelmia toimitti Hanna-Mari &amp; Jere Kupari<\/p>\n","protected":false},"author":1,"featured_media":0,"parent":0,"menu_order":0,"comment_status":"closed","ping_status":"closed","template":"","meta":{"footnotes":""},"class_list":["post-312","page","type-page","status-publish","hentry"],"_links":{"self":[{"href":"https:\/\/salo-uskelanseura.fi\/index.php\/wp-json\/wp\/v2\/pages\/312","targetHints":{"allow":["GET"]}}],"collection":[{"href":"https:\/\/salo-uskelanseura.fi\/index.php\/wp-json\/wp\/v2\/pages"}],"about":[{"href":"https:\/\/salo-uskelanseura.fi\/index.php\/wp-json\/wp\/v2\/types\/page"}],"author":[{"embeddable":true,"href":"https:\/\/salo-uskelanseura.fi\/index.php\/wp-json\/wp\/v2\/users\/1"}],"replies":[{"embeddable":true,"href":"https:\/\/salo-uskelanseura.fi\/index.php\/wp-json\/wp\/v2\/comments?post=312"}],"version-history":[{"count":3,"href":"https:\/\/salo-uskelanseura.fi\/index.php\/wp-json\/wp\/v2\/pages\/312\/revisions"}],"predecessor-version":[{"id":348,"href":"https:\/\/salo-uskelanseura.fi\/index.php\/wp-json\/wp\/v2\/pages\/312\/revisions\/348"}],"wp:attachment":[{"href":"https:\/\/salo-uskelanseura.fi\/index.php\/wp-json\/wp\/v2\/media?parent=312"}],"curies":[{"name":"wp","href":"https:\/\/api.w.org\/{rel}","templated":true}]}}

<p>Kivikauden yleisökaivausten blogi</p>



<p>Neljäs kaivauspäivä lauantai 30.7.</p>



<figure class="wp-block-image size-large"><img loading="lazy" decoding="async" width="399" height="600" src="https://salo-uskelanseura.fi/wp-content/uploads/2019/11/30-tuumaus.jpg" alt="" class="wp-image-285" srcset="https://salo-uskelanseura.fi/wp-content/uploads/2019/11/30-tuumaus.jpg 399w, https://salo-uskelanseura.fi/wp-content/uploads/2019/11/30-tuumaus-200x300.jpg 200w" sizes="auto, (max-width: 399px) 100vw, 399px" /><figcaption>Vierailijat katsomassa aluetta. Ylä-alueelta on tänään löydetty noin 6000-7000 vuotta vanhaa keramiikkaa. Arkeologi Jouko Pukkila selosti, että se on vanhinta suomalaista keramiikkaa ja näiden kaivausten ensimmäinen keramiikkalöytö vanhalta asuinpaikalta. Se ei oikein istu mesoliittiseen aikaan, kuten ei piikivikään, joka sieltä eilen löytyi. </figcaption></figure>



<figure class="wp-block-image size-large"><img loading="lazy" decoding="async" width="399" height="600" src="https://salo-uskelanseura.fi/wp-content/uploads/2019/11/30-rinne.jpg" alt="" class="wp-image-286" srcset="https://salo-uskelanseura.fi/wp-content/uploads/2019/11/30-rinne.jpg 399w, https://salo-uskelanseura.fi/wp-content/uploads/2019/11/30-rinne-200x300.jpg 200w" sizes="auto, (max-width: 399px) 100vw, 399px" /><figcaption>Vapaaehtoinen Heikki Suuronen työn touhussa. Vanhinta asutusaluetta mäen laella, merenpinnan laskiessa asutus on siirtynyt rannan mukana alemmas rinnettä.</figcaption></figure>



<figure class="wp-block-image size-large"><img loading="lazy" decoding="async" width="399" height="600" src="https://salo-uskelanseura.fi/wp-content/uploads/2019/11/30-paivi.jpg" alt="" class="wp-image-287" srcset="https://salo-uskelanseura.fi/wp-content/uploads/2019/11/30-paivi.jpg 399w, https://salo-uskelanseura.fi/wp-content/uploads/2019/11/30-paivi-200x300.jpg 200w" sizes="auto, (max-width: 399px) 100vw, 399px" /><figcaption>Toista päivää kaivauksille osallistunut Päivi Leikkonen omalla neliöllään. Häntä ei haittaisi vaikka ei mitään löytyisikään. Työ on hänen mielestään helpompaa kansalaisopiston parin illan kurssin avulla. Kivilajien tunteminen auttaisi työssä, sillä tällä hetkellä on vaikeaa erottaa oleellinen epäoleellisesta. Eilen hän tarttui kaikkiin kiviin ja tänään mikään ei näytä tärkeältä, hän naurahti.</figcaption></figure>



<figure class="wp-block-image size-large"><img loading="lazy" decoding="async" width="700" height="465" src="https://salo-uskelanseura.fi/wp-content/uploads/2019/11/30-juuret.jpg" alt="" class="wp-image-288" srcset="https://salo-uskelanseura.fi/wp-content/uploads/2019/11/30-juuret.jpg 700w, https://salo-uskelanseura.fi/wp-content/uploads/2019/11/30-juuret-300x199.jpg 300w" sizes="auto, (max-width: 700px) 100vw, 700px" /><figcaption>Nuorempaa asutusaluetta kaivetaan mäen juurella reippaalla meiningillä.</figcaption></figure>



<figure class="wp-block-gallery columns-2 is-cropped wp-block-gallery-1 is-layout-flex wp-block-gallery-is-layout-flex"><ul class="blocks-gallery-grid"><li class="blocks-gallery-item"><figure><img loading="lazy" decoding="async" width="450" height="364" src="https://salo-uskelanseura.fi/wp-content/uploads/2019/11/30-keramiikkapuoli2.jpg" alt="" data-id="290" data-full-url="https://salo-uskelanseura.fi/wp-content/uploads/2019/11/30-keramiikkapuoli2.jpg" data-link="https://salo-uskelanseura.fi/index.php/2019/11/19/30-7__trashed/30-keramiikkapuoli2/" class="wp-image-290" srcset="https://salo-uskelanseura.fi/wp-content/uploads/2019/11/30-keramiikkapuoli2.jpg 450w, https://salo-uskelanseura.fi/wp-content/uploads/2019/11/30-keramiikkapuoli2-300x243.jpg 300w" sizes="auto, (max-width: 450px) 100vw, 450px" /><figcaption class="blocks-gallery-item__caption">Hieno keramiikkalöytö nuoremmalta alueelta.</figcaption></figure></li><li class="blocks-gallery-item"><figure><img loading="lazy" decoding="async" width="450" height="447" src="https://salo-uskelanseura.fi/wp-content/uploads/2019/11/30-keramiikkapuoli1.jpg" alt="" data-id="289" data-full-url="https://salo-uskelanseura.fi/wp-content/uploads/2019/11/30-keramiikkapuoli1.jpg" data-link="https://salo-uskelanseura.fi/index.php/2019/11/19/30-7__trashed/30-keramiikkapuoli1/" class="wp-image-289" srcset="https://salo-uskelanseura.fi/wp-content/uploads/2019/11/30-keramiikkapuoli1.jpg 450w, https://salo-uskelanseura.fi/wp-content/uploads/2019/11/30-keramiikkapuoli1-300x298.jpg 300w, https://salo-uskelanseura.fi/wp-content/uploads/2019/11/30-keramiikkapuoli1-150x150.jpg 150w" sizes="auto, (max-width: 450px) 100vw, 450px" /><figcaption class="blocks-gallery-item__caption">Hieno keramiikkalöytö nuoremmalta alueelta.</figcaption></figure></li></ul></figure>



<figure class="wp-block-image size-large"><img loading="lazy" decoding="async" width="700" height="465" src="https://salo-uskelanseura.fi/wp-content/uploads/2019/11/30-yleis.jpg" alt="" class="wp-image-291" srcset="https://salo-uskelanseura.fi/wp-content/uploads/2019/11/30-yleis.jpg 700w, https://salo-uskelanseura.fi/wp-content/uploads/2019/11/30-yleis-300x199.jpg 300w" sizes="auto, (max-width: 700px) 100vw, 700px" /><figcaption>Huh hellettä. Sää suosi osallistujia tänäänkin.</figcaption></figure>



<p>Tunnelmia toimitti Hanna-Mari &amp; Jere Kupari</p>

<p>Kivikauden yleisökaivausten blogi Neljäs kaivauspäivä lauantai 30.7. Tunnelmia toimitti Hanna-Mari &amp; Jere Kupari</p>
