{"id":244,"date":"2019-11-18T21:58:08","date_gmt":"2019-11-18T19:58:08","guid":{"rendered":"https:\/\/salo-uskelanseura.fi\/?page_id=244"},"modified":"2021-01-19T15:24:33","modified_gmt":"2021-01-19T13:24:33","slug":"27-7","status":"publish","type":"page","link":"https:\/\/salo-uskelanseura.fi\/index.php\/27-7\/","title":{"rendered":"ke 27.7.2011"},"content":{"rendered":"\n<p> Salo-Uskelan Seura ry:n vuoden 2011 kivikauden yleis\u00f6kaivausten blogi <\/p>\n\n\n\n<p>ke 27.7. to 28.7. pe 29.7. la 30.7. su 31.7. ma 1.8. ti 2.8. ke 3.8. to 4.8. pe 5.8. <\/p>\n\n\n\n<p>Ensimm\u00e4inen kaivausp\u00e4iv\u00e4 keskiviikko 27.7.<\/p>\n\n\n\n<p> <\/p>\n\n\n\n<figure class=\"wp-block-image size-large\"><img loading=\"lazy\" decoding=\"async\" width=\"700\" height=\"465\" src=\"https:\/\/salo-uskelanseura.fi\/wp-content\/uploads\/2019\/11\/27-saatiedotus.jpg\" alt=\"\" class=\"wp-image-247\" srcset=\"https:\/\/salo-uskelanseura.fi\/wp-content\/uploads\/2019\/11\/27-saatiedotus.jpg 700w, https:\/\/salo-uskelanseura.fi\/wp-content\/uploads\/2019\/11\/27-saatiedotus-300x199.jpg 300w\" sizes=\"auto, (max-width: 700px) 100vw, 700px\" \/><figcaption>Kaivaukset alkoivat mukavassa puolipilvisess\u00e4 s\u00e4\u00e4ss\u00e4.<\/figcaption><\/figure>\n\n\n\n<p><\/p>\n\n\n\n<figure class=\"wp-block-image size-large\"><img loading=\"lazy\" decoding=\"async\" width=\"399\" height=\"600\" src=\"https:\/\/salo-uskelanseura.fi\/wp-content\/uploads\/2019\/11\/27-porukka.jpg\" alt=\"\" class=\"wp-image-249\" srcset=\"https:\/\/salo-uskelanseura.fi\/wp-content\/uploads\/2019\/11\/27-porukka.jpg 399w, https:\/\/salo-uskelanseura.fi\/wp-content\/uploads\/2019\/11\/27-porukka-200x300.jpg 200w\" sizes=\"auto, (max-width: 399px) 100vw, 399px\" \/><figcaption>Ensimm\u00e4inen kaivanto on metrin kertaa kolme, jaettuna viidenkymmenen senttimetrin ruutuihin. Kaivajia oli t\u00e4n\u00e4\u00e4n seitsem\u00e4n. <\/figcaption><\/figure>\n\n\n\n<p><\/p>\n\n\n\n<figure class=\"wp-block-image size-large\"><img loading=\"lazy\" decoding=\"async\" width=\"700\" height=\"465\" src=\"https:\/\/salo-uskelanseura.fi\/wp-content\/uploads\/2019\/11\/27-amparikuva.jpg\" alt=\"\" class=\"wp-image-248\" srcset=\"https:\/\/salo-uskelanseura.fi\/wp-content\/uploads\/2019\/11\/27-amparikuva.jpg 700w, https:\/\/salo-uskelanseura.fi\/wp-content\/uploads\/2019\/11\/27-amparikuva-300x199.jpg 300w\" sizes=\"auto, (max-width: 700px) 100vw, 700px\" \/><figcaption>N\u00e4in l\u00e4helt\u00e4 pintaa tuskin l\u00f6ytyy mit\u00e4\u00e4n, mutta joka tapauksessa aines ker\u00e4t\u00e4\u00e4n seulottavaksi. <\/figcaption><\/figure>\n\n\n\n<p>Tunnelmia toimitti Jere Kupari, jemaku@utu.fi <\/p>\n\n\n\n<p><\/p>\n\n\n\n<p><\/p>\n","protected":false},"excerpt":{"rendered":"<p>Salo-Uskelan Seura ry:n vuoden 2011 kivikauden yleis\u00f6kaivausten blogi ke 27.7. to 28.7. pe 29.7. la 30.7. su 31.7. ma 1.8. ti 2.8. ke 3.8. to 4.8. pe 5.8. Ensimm\u00e4inen kaivausp\u00e4iv\u00e4 keskiviikko 27.7. Tunnelmia toimitti Jere Kupari, jemaku@utu.fi<\/p>\n","protected":false},"author":1,"featured_media":0,"parent":0,"menu_order":0,"comment_status":"closed","ping_status":"closed","template":"","meta":{"footnotes":""},"class_list":["post-244","page","type-page","status-publish","hentry"],"_links":{"self":[{"href":"https:\/\/salo-uskelanseura.fi\/index.php\/wp-json\/wp\/v2\/pages\/244","targetHints":{"allow":["GET"]}}],"collection":[{"href":"https:\/\/salo-uskelanseura.fi\/index.php\/wp-json\/wp\/v2\/pages"}],"about":[{"href":"https:\/\/salo-uskelanseura.fi\/index.php\/wp-json\/wp\/v2\/types\/page"}],"author":[{"embeddable":true,"href":"https:\/\/salo-uskelanseura.fi\/index.php\/wp-json\/wp\/v2\/users\/1"}],"replies":[{"embeddable":true,"href":"https:\/\/salo-uskelanseura.fi\/index.php\/wp-json\/wp\/v2\/comments?post=244"}],"version-history":[{"count":11,"href":"https:\/\/salo-uskelanseura.fi\/index.php\/wp-json\/wp\/v2\/pages\/244\/revisions"}],"predecessor-version":[{"id":505,"href":"https:\/\/salo-uskelanseura.fi\/index.php\/wp-json\/wp\/v2\/pages\/244\/revisions\/505"}],"wp:attachment":[{"href":"https:\/\/salo-uskelanseura.fi\/index.php\/wp-json\/wp\/v2\/media?parent=244"}],"curies":[{"name":"wp","href":"https:\/\/api.w.org\/{rel}","templated":true}]}}

<p> Salo-Uskelan Seura ry:n vuoden 2011 kivikauden yleisökaivausten blogi </p>



<p>ke 27.7. to 28.7. pe 29.7. la 30.7. su 31.7. ma 1.8. ti 2.8. ke 3.8. to 4.8. pe 5.8. </p>



<p>Ensimmäinen kaivauspäivä keskiviikko 27.7.</p>



<p> </p>



<figure class="wp-block-image size-large"><img loading="lazy" decoding="async" width="700" height="465" src="https://salo-uskelanseura.fi/wp-content/uploads/2019/11/27-saatiedotus.jpg" alt="" class="wp-image-247" srcset="https://salo-uskelanseura.fi/wp-content/uploads/2019/11/27-saatiedotus.jpg 700w, https://salo-uskelanseura.fi/wp-content/uploads/2019/11/27-saatiedotus-300x199.jpg 300w" sizes="auto, (max-width: 700px) 100vw, 700px" /><figcaption>Kaivaukset alkoivat mukavassa puolipilvisessä säässä.</figcaption></figure>



<p></p>



<figure class="wp-block-image size-large"><img loading="lazy" decoding="async" width="399" height="600" src="https://salo-uskelanseura.fi/wp-content/uploads/2019/11/27-porukka.jpg" alt="" class="wp-image-249" srcset="https://salo-uskelanseura.fi/wp-content/uploads/2019/11/27-porukka.jpg 399w, https://salo-uskelanseura.fi/wp-content/uploads/2019/11/27-porukka-200x300.jpg 200w" sizes="auto, (max-width: 399px) 100vw, 399px" /><figcaption>Ensimmäinen kaivanto on metrin kertaa kolme, jaettuna viidenkymmenen senttimetrin ruutuihin. Kaivajia oli tänään seitsemän. </figcaption></figure>



<p></p>



<figure class="wp-block-image size-large"><img loading="lazy" decoding="async" width="700" height="465" src="https://salo-uskelanseura.fi/wp-content/uploads/2019/11/27-amparikuva.jpg" alt="" class="wp-image-248" srcset="https://salo-uskelanseura.fi/wp-content/uploads/2019/11/27-amparikuva.jpg 700w, https://salo-uskelanseura.fi/wp-content/uploads/2019/11/27-amparikuva-300x199.jpg 300w" sizes="auto, (max-width: 700px) 100vw, 700px" /><figcaption>Näin läheltä pintaa tuskin löytyy mitään, mutta joka tapauksessa aines kerätään seulottavaksi. </figcaption></figure>



<p>Tunnelmia toimitti Jere Kupari, jemaku@utu.fi </p>



<p></p>



<p></p>

<p>Salo-Uskelan Seura ry:n vuoden 2011 kivikauden yleisökaivausten blogi ke 27.7. to 28.7. pe 29.7. la 30.7. su 31.7. ma 1.8. ti 2.8. ke 3.8. to 4.8. pe 5.8. Ensimmäinen kaivauspäivä keskiviikko 27.7. Tunnelmia toimitti Jere Kupari, jemaku@utu.fi</p>
