{"id":232,"date":"2019-11-07T20:10:02","date_gmt":"2019-11-07T18:10:02","guid":{"rendered":"https:\/\/salo-uskelanseura.fi\/?page_id=232"},"modified":"2026-01-12T08:16:15","modified_gmt":"2026-01-12T06:16:15","slug":"nayttely-salo-valokuvista","status":"publish","type":"page","link":"https:\/\/salo-uskelanseura.fi\/index.php\/nayttely-salo-valokuvista\/","title":{"rendered":"N\u00e4yttelyt"},"content":{"rendered":"\n<p>Salo-Uskelan Seura j\u00e4rjest\u00e4\u00e4 s\u00e4\u00e4nn\u00f6llisesti vanhojen Salo-valokuvien n\u00e4yttelyit\u00e4. <\/p>\n\n\n\n<p>70-vuotisjuhlavuoden 2025 Salo-valokuvien pop up -myyntin\u00e4yttelyn juliste:<\/p>\n\n\n\n\n\n<figure class=\"wp-block-image size-large\"><img loading=\"lazy\" decoding=\"async\" width=\"724\" height=\"1024\" src=\"https:\/\/salo-uskelanseura.fi\/wp-content\/uploads\/2025\/10\/1000052500-1-724x1024.jpg\" alt=\"Valokuvan\u00e4yttelyn juliste\" class=\"wp-image-1129\" srcset=\"https:\/\/salo-uskelanseura.fi\/wp-content\/uploads\/2025\/10\/1000052500-1-724x1024.jpg 724w, https:\/\/salo-uskelanseura.fi\/wp-content\/uploads\/2025\/10\/1000052500-1-212x300.jpg 212w, https:\/\/salo-uskelanseura.fi\/wp-content\/uploads\/2025\/10\/1000052500-1-768x1086.jpg 768w, https:\/\/salo-uskelanseura.fi\/wp-content\/uploads\/2025\/10\/1000052500-1.jpg 987w\" sizes=\"auto, (max-width: 724px) 100vw, 724px\" \/><\/figure>\n","protected":false},"excerpt":{"rendered":"<p>Salo-Uskelan Seura j\u00e4rjest\u00e4\u00e4 s\u00e4\u00e4nn\u00f6llisesti vanhojen Salo-valokuvien n\u00e4yttelyit\u00e4. 70-vuotisjuhlavuoden 2025 Salo-valokuvien pop up -myyntin\u00e4yttelyn juliste:<\/p>\n","protected":false},"author":1,"featured_media":0,"parent":0,"menu_order":0,"comment_status":"closed","ping_status":"closed","template":"","meta":{"footnotes":""},"class_list":["post-232","page","type-page","status-publish","hentry"],"_links":{"self":[{"href":"https:\/\/salo-uskelanseura.fi\/index.php\/wp-json\/wp\/v2\/pages\/232","targetHints":{"allow":["GET"]}}],"collection":[{"href":"https:\/\/salo-uskelanseura.fi\/index.php\/wp-json\/wp\/v2\/pages"}],"about":[{"href":"https:\/\/salo-uskelanseura.fi\/index.php\/wp-json\/wp\/v2\/types\/page"}],"author":[{"embeddable":true,"href":"https:\/\/salo-uskelanseura.fi\/index.php\/wp-json\/wp\/v2\/users\/1"}],"replies":[{"embeddable":true,"href":"https:\/\/salo-uskelanseura.fi\/index.php\/wp-json\/wp\/v2\/comments?post=232"}],"version-history":[{"count":22,"href":"https:\/\/salo-uskelanseura.fi\/index.php\/wp-json\/wp\/v2\/pages\/232\/revisions"}],"predecessor-version":[{"id":1203,"href":"https:\/\/salo-uskelanseura.fi\/index.php\/wp-json\/wp\/v2\/pages\/232\/revisions\/1203"}],"wp:attachment":[{"href":"https:\/\/salo-uskelanseura.fi\/index.php\/wp-json\/wp\/v2\/media?parent=232"}],"curies":[{"name":"wp","href":"https:\/\/api.w.org\/{rel}","templated":true}]}}

Näyttelyt

<p>Salo-Uskelan Seura järjestää säännöllisesti vanhojen Salo-valokuvien näyttelyitä. </p>



<p>70-vuotisjuhlavuoden 2025 Salo-valokuvien pop up -myyntinäyttelyn juliste:</p>





<figure class="wp-block-image size-large"><img loading="lazy" decoding="async" width="724" height="1024" src="https://salo-uskelanseura.fi/wp-content/uploads/2025/10/1000052500-1-724x1024.jpg" alt="Valokuvanäyttelyn juliste" class="wp-image-1129" srcset="https://salo-uskelanseura.fi/wp-content/uploads/2025/10/1000052500-1-724x1024.jpg 724w, https://salo-uskelanseura.fi/wp-content/uploads/2025/10/1000052500-1-212x300.jpg 212w, https://salo-uskelanseura.fi/wp-content/uploads/2025/10/1000052500-1-768x1086.jpg 768w, https://salo-uskelanseura.fi/wp-content/uploads/2025/10/1000052500-1.jpg 987w" sizes="auto, (max-width: 724px) 100vw, 724px" /></figure>

<p>Salo-Uskelan Seura järjestää säännöllisesti vanhojen Salo-valokuvien näyttelyitä. 70-vuotisjuhlavuoden 2025 Salo-valokuvien pop up -myyntinäyttelyn juliste:</p>
