{"id":12,"date":"2019-01-31T08:16:43","date_gmt":"2019-01-31T08:16:43","guid":{"rendered":"http:\/\/salo-uskelanseura.fi\/?page_id=12"},"modified":"2026-01-28T20:43:33","modified_gmt":"2026-01-28T18:43:33","slug":"toimintasuunnitelma","status":"publish","type":"page","link":"https:\/\/salo-uskelanseura.fi\/index.php\/toimintasuunnitelma\/","title":{"rendered":"Toimintasuunnitelma"},"content":{"rendered":"\n<p>Vuosi 2026 on yhdistyksemme 71. toimintavuosi. Seuran toimintaa pyrit\u00e4\u00e4n jatkamaan samankaltaisena kuin aiempina vuosina. Seuran oma varainhankinta, kuten julkaisujen myynti ja valokuvakokoelmien k\u00e4ytt\u00f6korvaukset, ovat tulonl\u00e4hteit\u00e4 avustusten ohella. Seuran kokoelmien digitointi edesauttaa niiden hy\u00f6dynt\u00e4mist\u00e4, ja digitointity\u00f6n jatkaminen n\u00e4hd\u00e4\u00e4n t\u00e4rke\u00e4n\u00e4. Yhteisty\u00f6t\u00e4 alueen muiden kotiseutuyhdistysten kanssa pyrit\u00e4\u00e4n jatkamaan.<\/p>\n\n\n\n<p>Nakolinna on palvellut yhdistyksen toimitilana vuodesta 1995. Nakolinnassa on j\u00e4rjestetty muun muassa vihtatalkoita, valokuvatunnistusta ja avoimia ovia, ja samoin tulevaisuudessa n\u00e4it\u00e4 toimintoja halutaan yll\u00e4pit\u00e4\u00e4.<\/p>\n\n\n\n<figure class=\"wp-block-image\"><img loading=\"lazy\" decoding=\"async\" width=\"580\" height=\"275\" src=\"http:\/\/salo-uskelanseura.fi\/wp-content\/uploads\/2019\/01\/nakolinna.jpg\" alt=\"\" class=\"wp-image-59\" srcset=\"https:\/\/salo-uskelanseura.fi\/wp-content\/uploads\/2019\/01\/nakolinna.jpg 580w, https:\/\/salo-uskelanseura.fi\/wp-content\/uploads\/2019\/01\/nakolinna-300x142.jpg 300w\" sizes=\"auto, (max-width: 580px) 100vw, 580px\" \/><figcaption class=\"wp-element-caption\">Nakolinna Meriniitynpuistossa<\/figcaption><\/figure>\n\n\n\n<p><strong>Vuoden 2026 toimintasuunnitelma:<\/strong><br>&#8211; j\u00e4rjestet\u00e4\u00e4n avoimet ovet Nakolinnassa<br>&#8211; j\u00e4rjestet\u00e4\u00e4n valokuvan\u00e4yttely<br>&#8211; myyd\u00e4\u00e4n kotiseutuviirej\u00e4 ja muita myyntituotteita<br>&#8211; julkaistaan kotiseutukalenteri 2027<br>&#8211; toimitaan yhdess\u00e4 muiden kotiseutuyhdistysten kanssa<br>&#8211; jatketaan valokuvakokoelmien ja nauhoitusten digitointia sek\u00e4 arkistointia taloudellisen tilanteen puitteissa<br>&#8211; koulutetaan johtokunnan j\u00e4senet valokuvien ja muun aineiston digitoimiseen, luettelointiin ja arkistointiin<br>&#8211; osallistutaan erilaisiin tapahtumiin, muun muassa yhdistysten iltatorille mahdollisuuksien mukaan<br>&#8211; j\u00e4rjestet\u00e4\u00e4n kulttuuriretki esimerkiksi museoon tai teatteriin<br>&#8211; j\u00e4rjestet\u00e4\u00e4n vihtatalkoot 8.7.2026<br>&#8211; j\u00e4rjestet\u00e4\u00e4n valokuvien tunnistustilaisuuksia<br>&#8211; pidet\u00e4\u00e4n yhteytt\u00e4 Hakastaron kouluun, joka on yhdistyksen kummikoulu.<\/p>\n\n\n\n<figure class=\"wp-block-image is-resized\"><img loading=\"lazy\" decoding=\"async\" width=\"800\" height=\"532\" src=\"http:\/\/salo-uskelanseura.fi\/wp-content\/uploads\/2019\/01\/sidonta2.jpg\" alt=\"\" class=\"wp-image-65\" style=\"width:610px;height:406px\" srcset=\"https:\/\/salo-uskelanseura.fi\/wp-content\/uploads\/2019\/01\/sidonta2.jpg 800w, https:\/\/salo-uskelanseura.fi\/wp-content\/uploads\/2019\/01\/sidonta2-300x200.jpg 300w, https:\/\/salo-uskelanseura.fi\/wp-content\/uploads\/2019\/01\/sidonta2-768x511.jpg 768w\" sizes=\"auto, (max-width: 800px) 100vw, 800px\" \/><figcaption class=\"wp-element-caption\">J\u00e4rjest\u00e4mme kerran kes\u00e4ss\u00e4 vihtatalkoot. Vihtojen valmistuksen ohessa on tarjolla pient\u00e4 purtavaa sek\u00e4 arvontaa ja mukavaa yhdess\u00e4oloa.<\/figcaption><\/figure>\n","protected":false},"excerpt":{"rendered":"<p>Vuosi 2026 on yhdistyksemme 71. toimintavuosi. Seuran toimintaa pyrit\u00e4\u00e4n jatkamaan samankaltaisena kuin aiempina vuosina. Seuran oma varainhankinta, kuten julkaisujen myynti ja valokuvakokoelmien k\u00e4ytt\u00f6korvaukset, ovat tulonl\u00e4hteit\u00e4 avustusten ohella. Seuran kokoelmien digitointi edesauttaa niiden hy\u00f6dynt\u00e4mist\u00e4, ja digitointity\u00f6n jatkaminen n\u00e4hd\u00e4\u00e4n t\u00e4rke\u00e4n\u00e4. Yhteisty\u00f6t\u00e4 alueen muiden kotiseutuyhdistysten kanssa pyrit\u00e4\u00e4n jatkamaan. Nakolinna on palvellut yhdistyksen toimitilana vuodesta 1995. Nakolinnassa on j\u00e4rjestetty [&hellip;]<\/p>\n","protected":false},"author":1,"featured_media":0,"parent":0,"menu_order":0,"comment_status":"closed","ping_status":"closed","template":"","meta":{"footnotes":""},"class_list":["post-12","page","type-page","status-publish","hentry"],"_links":{"self":[{"href":"https:\/\/salo-uskelanseura.fi\/index.php\/wp-json\/wp\/v2\/pages\/12","targetHints":{"allow":["GET"]}}],"collection":[{"href":"https:\/\/salo-uskelanseura.fi\/index.php\/wp-json\/wp\/v2\/pages"}],"about":[{"href":"https:\/\/salo-uskelanseura.fi\/index.php\/wp-json\/wp\/v2\/types\/page"}],"author":[{"embeddable":true,"href":"https:\/\/salo-uskelanseura.fi\/index.php\/wp-json\/wp\/v2\/users\/1"}],"replies":[{"embeddable":true,"href":"https:\/\/salo-uskelanseura.fi\/index.php\/wp-json\/wp\/v2\/comments?post=12"}],"version-history":[{"count":27,"href":"https:\/\/salo-uskelanseura.fi\/index.php\/wp-json\/wp\/v2\/pages\/12\/revisions"}],"predecessor-version":[{"id":1209,"href":"https:\/\/salo-uskelanseura.fi\/index.php\/wp-json\/wp\/v2\/pages\/12\/revisions\/1209"}],"wp:attachment":[{"href":"https:\/\/salo-uskelanseura.fi\/index.php\/wp-json\/wp\/v2\/media?parent=12"}],"curies":[{"name":"wp","href":"https:\/\/api.w.org\/{rel}","templated":true}]}}

<p>Vuosi 2026 on yhdistyksemme 71. toimintavuosi. Seuran toimintaa pyritään jatkamaan samankaltaisena kuin aiempina vuosina. Seuran oma varainhankinta, kuten julkaisujen myynti ja valokuvakokoelmien käyttökorvaukset, ovat tulonlähteitä avustusten ohella. Seuran kokoelmien digitointi edesauttaa niiden hyödyntämistä, ja digitointityön jatkaminen nähdään tärkeänä. Yhteistyötä alueen muiden kotiseutuyhdistysten kanssa pyritään jatkamaan.</p>



<p>Nakolinna on palvellut yhdistyksen toimitilana vuodesta 1995. Nakolinnassa on järjestetty muun muassa vihtatalkoita, valokuvatunnistusta ja avoimia ovia, ja samoin tulevaisuudessa näitä toimintoja halutaan ylläpitää.</p>



<figure class="wp-block-image"><img loading="lazy" decoding="async" width="580" height="275" src="http://salo-uskelanseura.fi/wp-content/uploads/2019/01/nakolinna.jpg" alt="" class="wp-image-59" srcset="https://salo-uskelanseura.fi/wp-content/uploads/2019/01/nakolinna.jpg 580w, https://salo-uskelanseura.fi/wp-content/uploads/2019/01/nakolinna-300x142.jpg 300w" sizes="auto, (max-width: 580px) 100vw, 580px" /><figcaption class="wp-element-caption">Nakolinna Meriniitynpuistossa</figcaption></figure>



<p><strong>Vuoden 2026 toimintasuunnitelma:</strong><br>&#8211; järjestetään avoimet ovet Nakolinnassa<br>&#8211; järjestetään valokuvanäyttely<br>&#8211; myydään kotiseutuviirejä ja muita myyntituotteita<br>&#8211; julkaistaan kotiseutukalenteri 2027<br>&#8211; toimitaan yhdessä muiden kotiseutuyhdistysten kanssa<br>&#8211; jatketaan valokuvakokoelmien ja nauhoitusten digitointia sekä arkistointia taloudellisen tilanteen puitteissa<br>&#8211; koulutetaan johtokunnan jäsenet valokuvien ja muun aineiston digitoimiseen, luettelointiin ja arkistointiin<br>&#8211; osallistutaan erilaisiin tapahtumiin, muun muassa yhdistysten iltatorille mahdollisuuksien mukaan<br>&#8211; järjestetään kulttuuriretki esimerkiksi museoon tai teatteriin<br>&#8211; järjestetään vihtatalkoot 8.7.2026<br>&#8211; järjestetään valokuvien tunnistustilaisuuksia<br>&#8211; pidetään yhteyttä Hakastaron kouluun, joka on yhdistyksen kummikoulu.</p>



<figure class="wp-block-image is-resized"><img loading="lazy" decoding="async" width="800" height="532" src="http://salo-uskelanseura.fi/wp-content/uploads/2019/01/sidonta2.jpg" alt="" class="wp-image-65" style="width:610px;height:406px" srcset="https://salo-uskelanseura.fi/wp-content/uploads/2019/01/sidonta2.jpg 800w, https://salo-uskelanseura.fi/wp-content/uploads/2019/01/sidonta2-300x200.jpg 300w, https://salo-uskelanseura.fi/wp-content/uploads/2019/01/sidonta2-768x511.jpg 768w" sizes="auto, (max-width: 800px) 100vw, 800px" /><figcaption class="wp-element-caption">Järjestämme kerran kesässä vihtatalkoot. Vihtojen valmistuksen ohessa on tarjolla pientä purtavaa sekä arvontaa ja mukavaa yhdessäoloa.</figcaption></figure>

<p>Vuosi 2026 on yhdistyksemme 71. toimintavuosi. Seuran toimintaa pyritään jatkamaan samankaltaisena kuin aiempina vuosina. Seuran oma varainhankinta, kuten julkaisujen myynti ja valokuvakokoelmien käyttökorvaukset, ovat tulonlähteitä avustusten ohella. Seuran kokoelmien digitointi edesauttaa niiden hyödyntämistä, ja digitointityön jatkaminen nähdään tärkeänä. Yhteistyötä alueen muiden kotiseutuyhdistysten kanssa pyritään jatkamaan. Nakolinna on palvellut yhdistyksen toimitilana vuodesta 1995. Nakolinnassa on järjestetty [&hellip;]</p>
